Last updated on 2022-05-17 16:54:27 CEST.
Flavor | Version | Tinstall | Tcheck | Ttotal | Status | Flags |
---|---|---|---|---|---|---|
r-devel-linux-x86_64-debian-clang | 1.0-6 | 20.33 | 180.55 | 200.88 | NOTE | |
r-devel-linux-x86_64-debian-gcc | 1.0-6 | 16.53 | 135.45 | 151.98 | NOTE | |
r-devel-linux-x86_64-fedora-clang | 1.0-6 | 241.92 | OK | |||
r-devel-linux-x86_64-fedora-gcc | 1.0-6 | 241.07 | OK | |||
r-devel-windows-x86_64 | 1.0-6 | 44.00 | 223.00 | 267.00 | OK | |
r-patched-linux-x86_64 | 1.0-6 | 22.06 | 176.72 | 198.78 | OK | |
r-release-linux-x86_64 | 1.0-6 | 19.90 | 162.04 | 181.94 | OK | |
r-release-macos-arm64 | 1.0-6 | 70.00 | OK | |||
r-release-macos-x86_64 | 1.0-6 | 87.00 | OK | |||
r-release-windows-x86_64 | 1.0-6 | 43.00 | 235.00 | 278.00 | OK | |
r-oldrel-macos-arm64 | 1.0-6 | 55.00 | OK | |||
r-oldrel-macos-x86_64 | 1.0-6 | 89.00 | OK | |||
r-oldrel-windows-ix86+x86_64 | 1.0-6 | 60.00 | 367.00 | 427.00 | OK |
Version: 1.0-6
Check: HTML version of manual
Result: NOTE
Found the following problems:
deriv.Rd:48:1: Warning: <script> anchor "MathJax-script" already defined
Flavors: r-devel-linux-x86_64-debian-clang, r-devel-linux-x86_64-debian-gcc