Last updated on 2023-12-07 15:48:18 CET.
Flavor | Version | Tinstall | Tcheck | Ttotal | Status | Flags |
---|---|---|---|---|---|---|
r-devel-linux-x86_64-debian-clang | 1.0.1 | 10.86 | 160.85 | 171.71 | OK | |
r-devel-linux-x86_64-debian-gcc | 1.0.1 | 6.19 | 123.58 | 129.77 | OK | |
r-devel-linux-x86_64-fedora-clang | 1.0.1 | 220.64 | OK | |||
r-devel-linux-x86_64-fedora-gcc | 1.0.1 | 212.12 | OK | |||
r-devel-windows-x86_64 | 1.0.1 | 10.00 | 140.00 | 150.00 | OK | |
r-patched-linux-x86_64 | 1.0.1 | 14.43 | 157.92 | 172.35 | OK | |
r-release-linux-x86_64 | 1.0.1 | 7.22 | 155.79 | 163.01 | OK | |
r-release-macos-arm64 | 1.0.1 | 75.00 | OK | |||
r-release-macos-x86_64 | 1.0.1 | 111.00 | NOTE | |||
r-release-windows-x86_64 | 1.0.1 | 12.00 | 166.00 | 178.00 | OK | |
r-oldrel-macos-arm64 | 1.0.1 | 46.00 | OK | |||
r-oldrel-macos-x86_64 | 1.0.1 | 94.00 | OK | |||
r-oldrel-windows-x86_64 | 1.0.1 | 13.00 | 170.00 | 183.00 | OK |
Version: 1.0.1
Check: package dependencies
Result: NOTE
Package suggested but not available for checking: ‘MARSS’
Flavor: r-release-macos-x86_64