Last updated on 2023-10-01 12:58:38 CEST.
Flavor | Version | Tinstall | Tcheck | Ttotal | Status | Flags |
---|---|---|---|---|---|---|
r-devel-linux-x86_64-debian-clang | 2.0.3 | 3.41 | 40.00 | 43.41 | NOTE | |
r-devel-linux-x86_64-debian-gcc | 2.0.3 | 2.46 | 29.57 | 32.03 | NOTE | |
r-devel-linux-x86_64-fedora-clang | 2.0.3 | 52.49 | NOTE | |||
r-devel-linux-x86_64-fedora-gcc | 2.0.3 | 54.76 | NOTE | |||
r-devel-windows-x86_64 | 2.0.3 | 10.00 | 55.00 | 65.00 | NOTE | |
r-patched-linux-x86_64 | 2.0.3 | 4.01 | 39.62 | 43.63 | OK | |
r-release-linux-x86_64 | 2.0.3 | 3.91 | 38.84 | 42.75 | OK | |
r-release-macos-arm64 | 2.0.3 | 22.00 | OK | |||
r-release-macos-x86_64 | 2.0.3 | 30.00 | NOTE | |||
r-release-windows-x86_64 | 2.0.3 | 7.00 | 57.00 | 64.00 | OK | |
r-oldrel-macos-arm64 | 2.0.3 | 23.00 | OK | |||
r-oldrel-macos-x86_64 | 2.0.3 | 36.00 | OK | |||
r-oldrel-windows-x86_64 | 2.0.3 | 6.00 | 55.00 | 61.00 | OK |
Version: 2.0.3
Check: Rd \usage sections
Result: NOTE
Documented arguments not in \usage in documentation object 'freqdom.transpose':
‘S’
Functions with \usage entries need to have the appropriate \alias
entries, and all their arguments documented.
The \usage entries must correspond to syntactically valid R code.
See chapter ‘Writing R documentation files’ in the ‘Writing R
Extensions’ manual.
Flavors: r-devel-linux-x86_64-debian-clang, r-devel-linux-x86_64-debian-gcc, r-devel-linux-x86_64-fedora-clang, r-devel-linux-x86_64-fedora-gcc, r-devel-windows-x86_64
Version: 2.0.3
Check: package dependencies
Result: NOTE
Packages suggested but not available for checking: 'fda', 'MARSS'
Flavor: r-release-macos-x86_64