CRAN Package Check Results for Package fscaret

Last updated on 2021-10-23 20:52:21 CEST.

Flavor Version Tinstall Tcheck Ttotal Status Flags
r-devel-linux-x86_64-debian-clang 0.9.4.4 15.82 137.89 153.71 NOTE
r-devel-linux-x86_64-debian-gcc 0.9.4.4 12.82 104.63 117.45 NOTE
r-devel-linux-x86_64-fedora-clang 0.9.4.4 196.98 NOTE
r-devel-linux-x86_64-fedora-gcc 0.9.4.4 184.10 NOTE
r-devel-windows-x86_64 0.9.4.4 28.00 172.00 200.00 OK
r-devel-windows-x86_64-gcc10-UCRT 0.9.4.4 NOTE
r-patched-linux-x86_64 0.9.4.4 14.87 130.44 145.31 NOTE
r-patched-solaris-x86 0.9.4.4 227.00 NOTE
r-release-linux-x86_64 0.9.4.4 16.44 130.69 147.13 NOTE
r-release-macos-arm64 0.9.4.4 NOTE
r-release-macos-x86_64 0.9.4.4 NOTE
r-release-windows-ix86+x86_64 0.9.4.4 26.00 144.00 170.00 OK
r-oldrel-macos-x86_64 0.9.4.4 OK
r-oldrel-windows-ix86+x86_64 0.9.4.4 42.00 191.00 233.00 OK

Check Details

Version: 0.9.4.4
Check: package dependencies
Result: NOTE
    Packages suggested but not available for checking: 'foba', 'rrlda'
Flavors: r-devel-linux-x86_64-debian-clang, r-devel-linux-x86_64-debian-gcc, r-devel-linux-x86_64-fedora-clang, r-devel-linux-x86_64-fedora-gcc, r-devel-windows-x86_64-gcc10-UCRT, r-patched-linux-x86_64, r-release-linux-x86_64

Version: 0.9.4.4
Check: package dependencies
Result: NOTE
    Packages suggested but not available for checking: 'foba', 'rrlda', 'RWeka'
Flavor: r-patched-solaris-x86

Version: 0.9.4.4
Check: package dependencies
Result: NOTE
    Package suggested but not available for checking: ‘foba’
Flavors: r-release-macos-arm64, r-release-macos-x86_64