Last updated on 2023-03-31 08:54:00 CEST.
Flavor | Version | Tinstall | Tcheck | Ttotal | Status | Flags |
---|---|---|---|---|---|---|
r-devel-linux-x86_64-debian-clang | 0.1.8 | 57.31 | 164.92 | 222.23 | NOTE | |
r-devel-linux-x86_64-debian-gcc | 0.1.8 | 42.97 | 122.41 | 165.38 | NOTE | |
r-devel-linux-x86_64-fedora-clang | 0.1.8 | 267.05 | NOTE | |||
r-devel-linux-x86_64-fedora-gcc | 0.1.8 | 274.51 | NOTE | |||
r-devel-windows-x86_64 | 0.1.8 | 55.00 | 209.00 | 264.00 | NOTE | |
r-patched-linux-x86_64 | 0.1.8 | 47.58 | 160.33 | 207.91 | NOTE | |
r-release-linux-x86_64 | 0.1.8 | 54.49 | 161.02 | 215.51 | OK | |
r-release-macos-arm64 | 0.1.8 | 69.00 | NOTE | |||
r-release-macos-x86_64 | 0.1.8 | 90.00 | NOTE | |||
r-release-windows-x86_64 | 0.1.8 | 58.00 | 230.00 | 288.00 | OK | |
r-oldrel-macos-arm64 | 0.1.8 | 58.00 | NOTE | |||
r-oldrel-macos-x86_64 | 0.1.8 | 86.00 | NOTE | |||
r-oldrel-windows-ix86+x86_64 | 0.1.8 | 100.00 | 279.00 | 379.00 | OK |
Version: 0.1.8
Check: C++ specification
Result: NOTE
Specified C++11: please drop specification unless essential
Flavors: r-devel-linux-x86_64-debian-clang, r-devel-linux-x86_64-debian-gcc, r-devel-linux-x86_64-fedora-clang, r-devel-linux-x86_64-fedora-gcc, r-devel-windows-x86_64, r-patched-linux-x86_64
Version: 0.1.8
Check: dependencies in R code
Result: NOTE
Namespace in Imports field not imported from: ‘qpdf’
All declared Imports should be used.
Flavors: r-devel-linux-x86_64-fedora-clang, r-devel-linux-x86_64-fedora-gcc, r-release-macos-arm64, r-release-macos-x86_64, r-oldrel-macos-arm64, r-oldrel-macos-x86_64
Version: 0.1.8
Check: installed package size
Result: NOTE
installed size is 14.9Mb
sub-directories of 1Mb or more:
libs 14.2Mb
Flavors: r-release-macos-arm64, r-release-macos-x86_64, r-oldrel-macos-arm64, r-oldrel-macos-x86_64