Last updated on 2023-10-01 01:53:17 CEST.
Flavor | Version | Tinstall | Tcheck | Ttotal | Status | Flags |
---|---|---|---|---|---|---|
r-devel-linux-x86_64-debian-clang | 0.12.0 | 7.39 | 344.02 | 351.41 | NOTE | |
r-devel-linux-x86_64-debian-gcc | 0.12.0 | 5.48 | 252.66 | 258.14 | NOTE | |
r-devel-linux-x86_64-fedora-clang | 0.12.0 | 415.41 | NOTE | |||
r-devel-linux-x86_64-fedora-gcc | 0.12.0 | 477.79 | NOTE | |||
r-devel-windows-x86_64 | 0.12.0 | 7.00 | 271.00 | 278.00 | NOTE | |
r-patched-linux-x86_64 | 0.12.0 | 10.39 | 321.82 | 332.21 | OK | |
r-release-linux-x86_64 | 0.12.0 | 5.13 | 319.74 | 324.87 | OK | |
r-release-macos-arm64 | 0.12.0 | 154.00 | OK | |||
r-release-macos-x86_64 | 0.12.0 | 259.00 | OK | |||
r-release-windows-x86_64 | 0.12.0 | 9.00 | 326.00 | 335.00 | OK | |
r-oldrel-macos-arm64 | 0.12.0 | 130.00 | OK | |||
r-oldrel-macos-x86_64 | 0.12.0 | 213.00 | OK | |||
r-oldrel-windows-x86_64 | 0.12.0 | 9.00 | 326.00 | 335.00 | OK |
Version: 0.12.0
Check: Rd \usage sections
Result: NOTE
Documented arguments not in \usage in documentation object 'loggedOutput':
‘future’
Functions with \usage entries need to have the appropriate \alias
entries, and all their arguments documented.
The \usage entries must correspond to syntactically valid R code.
See chapter ‘Writing R documentation files’ in the ‘Writing R
Extensions’ manual.
Flavors: r-devel-linux-x86_64-debian-clang, r-devel-linux-x86_64-debian-gcc, r-devel-linux-x86_64-fedora-clang, r-devel-linux-x86_64-fedora-gcc, r-devel-windows-x86_64