CRAN Package Check Results for Package fuzzyforest

Last updated on 2021-12-07 23:54:29 CET.

Flavor Version Tinstall Tcheck Ttotal Status Flags
r-devel-linux-x86_64-debian-clang 1.0.8 6.05 197.83 203.88 OK
r-devel-linux-x86_64-debian-gcc 1.0.8 4.28 152.06 156.34 OK
r-devel-linux-x86_64-fedora-clang 1.0.8 244.28 OK
r-devel-linux-x86_64-fedora-gcc 1.0.8 246.51 OK
r-devel-windows-x86_64-new-UL 1.0.8 32.00 228.00 260.00 OK
r-devel-windows-x86_64-new-TK 1.0.8 OK
r-devel-windows-x86_64-old 1.0.8 29.00 215.00 244.00 OK
r-patched-linux-x86_64 1.0.8 4.90 189.50 194.40 OK
r-release-linux-x86_64 1.0.8 4.73 192.43 197.16 OK
r-release-macos-arm64 1.0.8 NOTE
r-release-macos-x86_64 1.0.8 NOTE
r-release-windows-ix86+x86_64 1.0.8 35.00 215.00 250.00 OK
r-oldrel-macos-x86_64 1.0.8 OK
r-oldrel-windows-ix86+x86_64 1.0.8 44.00 182.00 226.00 OK

Check Details

Version: 1.0.8
Check: package dependencies
Result: NOTE
    Package suggested but not available for checking: ‘WGCNA’
Flavors: r-release-macos-arm64, r-release-macos-x86_64