Last updated on 2023-10-03 17:05:54 CEST.
Flavor | Version | Tinstall | Tcheck | Ttotal | Status | Flags |
---|---|---|---|---|---|---|
r-devel-linux-x86_64-debian-clang | 2.4 | 1.93 | 25.53 | 27.46 | NOTE | |
r-devel-linux-x86_64-debian-gcc | 2.4 | 1.64 | 20.18 | 21.82 | NOTE | |
r-devel-linux-x86_64-fedora-clang | 2.4 | 35.60 | OK | |||
r-devel-linux-x86_64-fedora-gcc | 2.4 | 46.33 | OK | |||
r-devel-windows-x86_64 | 2.4 | 3.00 | 49.00 | 52.00 | OK | |
r-patched-linux-x86_64 | 2.4 | 2.21 | 25.58 | 27.79 | NOTE | |
r-release-linux-x86_64 | 2.4 | 1.95 | 25.44 | 27.39 | NOTE | |
r-release-macos-arm64 | 2.4 | 25.00 | OK | |||
r-release-macos-x86_64 | 2.4 | 33.00 | OK | |||
r-release-windows-x86_64 | 2.4 | 2.00 | 52.00 | 54.00 | OK | |
r-oldrel-macos-arm64 | 2.4 | 21.00 | OK | |||
r-oldrel-macos-x86_64 | 2.4 | 27.00 | OK | |||
r-oldrel-windows-x86_64 | 2.4 | 5.00 | 54.00 | 59.00 | OK |
Version: 2.4
Check: R code for possible problems
Result: NOTE
Found the following calls to attach():
File ‘g.data/R/g.data.attach.R’:
attach(NULL, pos, basename(dir))
See section ‘Good practice’ in ‘?attach’.
Flavors: r-devel-linux-x86_64-debian-clang, r-devel-linux-x86_64-debian-gcc, r-patched-linux-x86_64, r-release-linux-x86_64