CRAN Package Check Results for Package gWidgets2tcltk

Last updated on 2023-11-29 15:50:17 CET.

Flavor Version Tinstall Tcheck Ttotal Status Flags
r-devel-linux-x86_64-debian-clang 1.0-8 25.32 144.40 169.72 NOTE
r-devel-linux-x86_64-debian-gcc 1.0-8 21.05 104.71 125.76 NOTE
r-devel-linux-x86_64-fedora-clang 1.0-8 218.68 OK
r-devel-linux-x86_64-fedora-gcc 1.0-8 203.06 OK
r-devel-windows-x86_64 1.0-8 21.00 96.00 117.00 OK
r-patched-linux-x86_64 1.0-8 26.85 137.57 164.42 OK
r-release-linux-x86_64 1.0-8 19.15 137.43 156.58 OK
r-release-macos-arm64 1.0-8 57.00 OK
r-release-macos-x86_64 1.0-8 105.00 OK
r-release-windows-x86_64 1.0-8 25.00 109.00 134.00 OK
r-oldrel-macos-arm64 1.0-8 90.00 OK
r-oldrel-macos-x86_64 1.0-8 138.00 OK
r-oldrel-windows-x86_64 1.0-8 29.00 110.00 139.00 OK

Check Details

Version: 1.0-8
Check: Rd files
Result: NOTE checkRd: (-1) gWidgets2tcltk-undocumented.Rd:285: Lost braces in \itemize; meant \describe ? checkRd: (-1) gWidgets2tcltk-undocumented.Rd:286-293: Lost braces in \itemize; meant \describe ? checkRd: (-1) gWidgets2tcltk-undocumented.Rd:378: Lost braces 378 | \item{visible}{logical. If code{TRUE} window is drawn when | ^ Flavors: r-devel-linux-x86_64-debian-clang, r-devel-linux-x86_64-debian-gcc