CRAN Package Check Results for Package gamRR

Last updated on 2023-10-03 17:05:55 CEST.

Flavor Version Tinstall Tcheck Ttotal Status Flags
r-devel-linux-x86_64-debian-clang 0.7.0 9.19 65.37 74.56 NOTE
r-devel-linux-x86_64-debian-gcc 0.7.0 5.64 51.24 56.88 NOTE
r-devel-linux-x86_64-fedora-clang 0.7.0 87.74 NOTE
r-devel-linux-x86_64-fedora-gcc 0.7.0 90.53 NOTE
r-devel-windows-x86_64 0.7.0 8.00 65.00 73.00 NOTE
r-patched-linux-x86_64 0.7.0 8.49 64.33 72.82 NOTE
r-release-linux-x86_64 0.7.0 7.52 64.42 71.94 NOTE
r-release-macos-arm64 0.7.0 30.00 NOTE
r-release-macos-x86_64 0.7.0 46.00 NOTE
r-release-windows-x86_64 0.7.0 9.00 75.00 84.00 NOTE
r-oldrel-macos-arm64 0.7.0 27.00 NOTE
r-oldrel-macos-x86_64 0.7.0 41.00 NOTE
r-oldrel-windows-x86_64 0.7.0 10.00 79.00 89.00 NOTE

Check Details

Version: 0.7.0
Check: LazyData
Result: NOTE
     'LazyData' is specified without a 'data' directory
Flavors: r-devel-linux-x86_64-debian-clang, r-devel-linux-x86_64-debian-gcc, r-devel-linux-x86_64-fedora-clang, r-devel-linux-x86_64-fedora-gcc, r-devel-windows-x86_64, r-patched-linux-x86_64, r-release-linux-x86_64, r-release-macos-arm64, r-release-macos-x86_64, r-release-windows-x86_64, r-oldrel-macos-arm64, r-oldrel-macos-x86_64, r-oldrel-windows-x86_64