CRAN Package Check Results for Package gamboostLSS

Last updated on 2023-06-04 20:57:40 CEST.

Flavor Version Tinstall Tcheck Ttotal Status Flags
r-devel-linux-x86_64-debian-clang 2.0-7 12.79 297.13 309.92 OK
r-devel-linux-x86_64-debian-gcc 2.0-7 8.46 219.32 227.78 OK
r-devel-linux-x86_64-fedora-clang 2.0-7 391.58 OK
r-devel-linux-x86_64-fedora-gcc 2.0-7 404.01 OK
r-devel-windows-x86_64 2.0-7 11.00 275.00 286.00 OK
r-patched-linux-x86_64 2.0-7 15.06 280.19 295.25 OK
r-release-linux-x86_64 2.0-7 9.07 227.20 236.27 ERROR
r-release-macos-arm64 2.0-7 150.00 OK
r-release-macos-x86_64 2.0-7 245.00 NOTE
r-release-windows-x86_64 2.0-7 15.00 317.00 332.00 OK
r-oldrel-macos-arm64 2.0-7 141.00 OK
r-oldrel-macos-x86_64 2.0-7 188.00 OK
r-oldrel-windows-x86_64 2.0-7 16.00 324.00 340.00 OK

Check Details

Version: 2.0-7
Check: package dependencies
Result: NOTE
    Package suggested but not available for checking: ‘BayesX’
Flavor: r-release-linux-x86_64

Version: 2.0-7
Check: re-building of vignette outputs
Result: ERROR
    Error(s) in re-building vignettes:
     ...
    --- re-building ‘gamboostLSS_Tutorial.Rnw’ using Sweave
    Loading required package: R2BayesX
    Loading required package: BayesXsrc
    Loading required package: colorspace
    Loading required package: mgcv
    Loading required package: nlme
    This is mgcv 1.8-42. For overview type 'help("mgcv-package")'.
    Loading required package: gamboostLSS
    Loading required package: mboost
    Loading required package: parallel
    Loading required package: stabs
    
    Attaching package: 'gamboostLSS'
    
    The following object is masked from 'package:stats':
    
     model.weights
    
    Loading required namespace: BayesX
    Failed with error: 'there is no package called 'BayesX''
    
    Error: processing vignette ‘gamboostLSS_Tutorial.Rnw’ failed with diagnostics:
     chunk 18 (label = run_modeling)
    Error in bmrf(mcdist, bnd = neighborhood) : cannot load 'BayesX'
    
    --- failed re-building 'gamboostLSS_Tutorial.Rnw'
    
    SUMMARY: processing the following file failed:
     'gamboostLSS_Tutorial.Rnw'
    
    Error: Vignette re-building failed.
    Execution halted
Flavor: r-release-linux-x86_64

Version: 2.0-7
Check: re-building of vignette outputs
Result: NOTE
    Error(s) in re-building vignettes:
    --- re-building ‘gamboostLSS_Tutorial.Rnw’ using Sweave
    Loading required package: R2BayesX
    Loading required package: BayesXsrc
    Loading required package: colorspace
    Loading required package: mgcv
    Loading required package: nlme
    This is mgcv 1.8-42. For overview type 'help("mgcv-package")'.
    Loading required package: gamboostLSS
    Loading required package: mboost
    Loading required package: parallel
    Loading required package: stabs
    
    Attaching package: 'gamboostLSS'
    
    The following object is masked from 'package:stats':
    
     model.weights
    
    Loading required namespace: BayesX
    Error: processing vignette 'gamboostLSS_Tutorial.Rnw' failed with diagnostics:
    Running 'texi2dvi' on 'gamboostLSS_Tutorial.tex' failed.
    LaTeX errors:
    ! LaTeX Error: File `dsfont.sty' not found.
    
    Type X to quit or <RETURN> to proceed,
    or enter new name. (Default extension: sty)
    
    ! Emergency stop.
    <read *>
    
    l.18 ^^M
    
    ! ==> Fatal error occurred, no output PDF file produced!
    --- failed re-building 'gamboostLSS_Tutorial.Rnw'
    
    SUMMARY: processing the following file failed:
     'gamboostLSS_Tutorial.Rnw'
    
    Error: Vignette re-building failed.
    Execution halted
Flavor: r-release-macos-x86_64