Last updated on 2023-10-02 17:01:38 CEST.
Flavor | Version | Tinstall | Tcheck | Ttotal | Status | Flags |
---|---|---|---|---|---|---|
r-devel-linux-x86_64-debian-clang | 3.5.1 | 15.92 | 122.79 | 138.71 | NOTE | |
r-devel-linux-x86_64-debian-gcc | 3.5.1 | 12.14 | 90.60 | 102.74 | NOTE | |
r-devel-linux-x86_64-fedora-clang | 3.5.1 | 165.63 | NOTE | |||
r-devel-linux-x86_64-fedora-gcc | 3.5.1 | 164.39 | NOTE | |||
r-devel-windows-x86_64 | 3.5.1 | 14.00 | 105.00 | 119.00 | NOTE | |
r-patched-linux-x86_64 | 3.5.1 | 19.41 | 119.20 | 138.61 | NOTE | |
r-release-linux-x86_64 | 3.5.1 | 13.42 | 119.99 | 133.41 | NOTE | |
r-release-macos-arm64 | 3.5.1 | 46.00 | NOTE | |||
r-release-macos-x86_64 | 3.5.1 | 82.00 | NOTE | |||
r-release-windows-x86_64 | 3.5.1 | 18.00 | 123.00 | 141.00 | NOTE | |
r-oldrel-macos-arm64 | 3.5.1 | 42.00 | NOTE | |||
r-oldrel-macos-x86_64 | 3.5.1 | 58.00 | NOTE | |||
r-oldrel-windows-x86_64 | 3.5.1 | 18.00 | 172.00 | 190.00 | NOTE |
Version: 3.5.1
Check: LazyData
Result: NOTE
'LazyData' is specified without a 'data' directory
Flavors: r-devel-linux-x86_64-debian-clang, r-devel-linux-x86_64-debian-gcc, r-devel-linux-x86_64-fedora-clang, r-devel-linux-x86_64-fedora-gcc, r-devel-windows-x86_64, r-patched-linux-x86_64, r-release-linux-x86_64, r-release-macos-arm64, r-release-macos-x86_64, r-release-windows-x86_64, r-oldrel-macos-arm64, r-oldrel-macos-x86_64, r-oldrel-windows-x86_64