CRAN Package Check Results for Package gamlss.data

Last updated on 2023-09-25 01:03:35 CEST.

Flavor Version Tinstall Tcheck Ttotal Status Flags
r-devel-linux-x86_64-debian-clang 6.0-2 3.29 30.38 33.67 NOTE
r-devel-linux-x86_64-debian-gcc 6.0-2 2.57 24.04 26.61 NOTE
r-devel-linux-x86_64-fedora-clang 6.0-2 41.67 NOTE
r-devel-linux-x86_64-fedora-gcc 6.0-2 41.40 NOTE
r-devel-windows-x86_64 6.0-2 8.00 54.00 62.00 NOTE
r-patched-linux-x86_64 6.0-2 3.82 30.57 34.39 NOTE
r-release-linux-x86_64 6.0-2 2.87 29.68 32.55 NOTE
r-release-macos-arm64 6.0-2 20.00 NOTE
r-release-macos-x86_64 6.0-2 26.00 NOTE
r-release-windows-x86_64 6.0-2 4.00 61.00 65.00 NOTE
r-oldrel-macos-arm64 6.0-2 18.00 OK
r-oldrel-macos-x86_64 6.0-2 29.00 OK
r-oldrel-windows-x86_64 6.0-2 12.00 56.00 68.00 OK

Check Details

Version: 6.0-2
Check: Rd files
Result: NOTE
    checkRd: (-1) LGAclaims.Rd:30: Escaped LaTeX specials: \_
    checkRd: (-1) LGAclaims.Rd:34: Escaped LaTeX specials: \_
    checkRd: (-1) LGAclaims.Rd:35: Escaped LaTeX specials: \_
    checkRd: (-1) LGAclaims.Rd:36: Escaped LaTeX specials: \_
Flavors: r-devel-linux-x86_64-debian-clang, r-devel-linux-x86_64-debian-gcc, r-devel-linux-x86_64-fedora-clang, r-devel-linux-x86_64-fedora-gcc, r-devel-windows-x86_64, r-patched-linux-x86_64, r-release-linux-x86_64, r-release-macos-arm64, r-release-macos-x86_64, r-release-windows-x86_64