Last updated on 2023-03-27 20:52:15 CEST.
Flavor | Version | Tinstall | Tcheck | Ttotal | Status | Flags |
---|---|---|---|---|---|---|
r-devel-linux-x86_64-debian-clang | 1.4.2 | 77.83 | 74.81 | 152.64 | WARN | |
r-devel-linux-x86_64-debian-gcc | 1.4.3 | 66.81 | 57.68 | 124.49 | OK | |
r-devel-linux-x86_64-fedora-clang | 1.4.3 | 211.47 | OK | |||
r-devel-linux-x86_64-fedora-gcc | 1.4.3 | 209.84 | OK | |||
r-devel-windows-x86_64 | 1.4.3 | 117.00 | 139.00 | 256.00 | OK | |
r-patched-linux-x86_64 | 1.4.2 | 69.09 | 71.78 | 140.87 | OK | |
r-release-linux-x86_64 | 1.4.3 | 70.49 | 70.20 | 140.69 | OK | |
r-release-macos-arm64 | 1.4.2 | 54.00 | OK | |||
r-release-macos-x86_64 | 1.4.3 | 72.00 | OK | |||
r-release-windows-x86_64 | 1.4.3 | 130.00 | 136.00 | 266.00 | OK | |
r-oldrel-macos-arm64 | 1.4.2 | 50.00 | OK | |||
r-oldrel-macos-x86_64 | 1.4.3 | 79.00 | OK | |||
r-oldrel-windows-ix86+x86_64 | 1.4.3 | 146.00 | 150.00 | 296.00 | OK |
Version: 1.4.2
Check: whether package can be installed
Result: WARN
Found the following significant warnings:
./inOut.h:191:13: warning: variable 'k' is uninitialized when passed as a const reference argument here [-Wuninitialized-const-reference]
./column.h:78:40: warning: variable 'st' is uninitialized when used here [-Wuninitialized]
./column.h:75:19: warning: variable 'st' is uninitialized when passed as a const reference argument here [-Wuninitialized-const-reference]
/tmp/RtmpQdQlZB/R.INSTALL722727d72de76/ganGenerativeData/src/inOut.h:191:13: warning: variable 'k' is uninitialized when passed as a const reference argument here [-Wuninitialized-const-reference]
/tmp/RtmpQdQlZB/R.INSTALL722727d72de76/ganGenerativeData/src/column.h:78:40: warning: variable 'st' is uninitialized when used here [-Wuninitialized]
/tmp/RtmpQdQlZB/R.INSTALL722727d72de76/ganGenerativeData/src/column.h:75:19: warning: variable 'st' is uninitialized when passed as a const reference argument here [-Wuninitialized-const-reference]
See ‘/home/hornik/tmp/R.check/r-devel-clang/Work/PKGS/ganGenerativeData.Rcheck/00install.out’ for details.
* used C++ compiler: ‘Debian clang version 15.0.6’
Flavor: r-devel-linux-x86_64-debian-clang