CRAN Package Check Results for Package ganalytics

Last updated on 2021-11-28 07:50:43 CET.

Flavor Version Tinstall Tcheck Ttotal Status Flags
r-devel-linux-x86_64-debian-clang 0.10.7 NOTE
r-devel-linux-x86_64-debian-gcc 0.10.7 54.55 91.01 145.56 NOTE
r-devel-linux-x86_64-fedora-clang 0.10.7 245.88 NOTE
r-devel-linux-x86_64-fedora-gcc 0.10.7 233.35 NOTE
r-devel-windows-x86_64-new-UL 0.10.7 130.00 178.00 308.00 NOTE
r-devel-windows-x86_64-new-TK 0.10.7 NOTE
r-devel-windows-x86_64-old 0.10.7 79.00 164.00 243.00 NOTE
r-patched-linux-x86_64 0.10.7 62.87 112.48 175.35 NOTE
r-patched-solaris-x86 0.10.7 304.80 NOTE
r-release-linux-x86_64 0.10.7 55.62 113.69 169.31 NOTE
r-release-macos-arm64 0.10.7 NOTE
r-release-macos-x86_64 0.10.7 NOTE
r-release-windows-ix86+x86_64 0.10.7 111.00 102.00 213.00 NOTE
r-oldrel-macos-x86_64 0.10.7 OK
r-oldrel-windows-ix86+x86_64 0.10.7 107.00 143.00 250.00 OK

Check Details

Version: 0.10.7
Check: LazyData
Result: NOTE
     'LazyData' is specified without a 'data' directory
Flavors: r-devel-linux-x86_64-debian-clang, r-devel-linux-x86_64-debian-gcc, r-devel-linux-x86_64-fedora-clang, r-devel-linux-x86_64-fedora-gcc, r-devel-windows-x86_64-new-UL, r-devel-windows-x86_64-new-TK, r-devel-windows-x86_64-old, r-patched-linux-x86_64, r-patched-solaris-x86, r-release-linux-x86_64, r-release-macos-arm64, r-release-macos-x86_64, r-release-windows-ix86+x86_64