Last updated on 2023-12-05 07:48:32 CET.
Flavor | Version | Tinstall | Tcheck | Ttotal | Status | Flags |
---|---|---|---|---|---|---|
r-devel-linux-x86_64-debian-clang | 2023.08.31 | 50.79 | 404.84 | 455.63 | NOTE | |
r-devel-linux-x86_64-debian-gcc | 2023.08.31 | 39.74 | 298.58 | 338.32 | NOTE | |
r-devel-linux-x86_64-fedora-clang | 2023.08.31 | 588.35 | OK | |||
r-devel-linux-x86_64-fedora-gcc | 2023.08.31 | 572.98 | OK | |||
r-devel-windows-x86_64 | 2023.08.31 | 41.00 | 253.00 | 294.00 | OK | |
r-patched-linux-x86_64 | 2023.08.31 | 40.31 | 379.74 | 420.05 | OK | |
r-release-linux-x86_64 | 2023.08.31 | 36.82 | 380.35 | 417.17 | OK | |
r-release-macos-arm64 | 2023.08.31 | 133.00 | OK | |||
r-release-macos-x86_64 | 2023.08.31 | 281.00 | OK | |||
r-release-windows-x86_64 | 2023.08.31 | 54.00 | 327.00 | 381.00 | OK | |
r-oldrel-macos-arm64 | 2023.08.31 | 121.00 | OK | |||
r-oldrel-macos-x86_64 | 2023.08.31 | 11.00 | ERROR | |||
r-oldrel-windows-x86_64 | 2023.08.31 | 54.00 | 335.00 | 389.00 | OK |
Version: 2023.08.31
Check: Rd files
Result: NOTE
checkRd: (-1) gbm.auto.Rd:208: Lost braces; missing escapes or markup?
208 | \item Error in if (n.trees > x$n.trees) { : argument is of length zero}. LR or BF probably too low
| ^
Flavors: r-devel-linux-x86_64-debian-clang, r-devel-linux-x86_64-debian-gcc
Version: 2023.08.31
Check: package dependencies
Result: ERROR
Package required and available but unsuitable version: ‘stars’
See section ‘The DESCRIPTION file’ in the ‘Writing R Extensions’
manual.
Flavor: r-oldrel-macos-x86_64