CRAN Package Check Results for Package genBaRcode

Last updated on 2021-10-17 16:49:24 CEST.

Flavor Version Tinstall Tcheck Ttotal Status Flags
r-devel-linux-x86_64-debian-clang 1.2.4 9.22 280.91 290.13 OK
r-devel-linux-x86_64-debian-gcc 1.2.4 7.55 245.13 252.68 OK
r-devel-linux-x86_64-fedora-clang 1.2.4 347.75 NOTE
r-devel-linux-x86_64-fedora-gcc 1.2.4 353.95 OK
r-devel-windows-x86_64 1.2.4 20.00 344.00 364.00 OK
r-devel-windows-x86_64-gcc10-UCRT 1.2.4 OK
r-patched-linux-x86_64 1.2.4 9.02 288.02 297.04 OK
r-patched-solaris-x86 1.2.4 177.80 OK
r-release-linux-x86_64 1.2.4 9.10 289.91 299.01 OK
r-release-macos-arm64 1.2.4 OK
r-release-macos-x86_64 1.2.4 ERROR
r-release-windows-ix86+x86_64 1.2.4 23.00 339.00 362.00 OK
r-oldrel-macos-x86_64 1.2.4 ERROR
r-oldrel-windows-ix86+x86_64 1.2.4 22.00 313.00 335.00 ERROR

Check Details

Version: 1.2.4
Check: package dependencies
Result: NOTE
    Imports includes 22 non-default packages.
    Importing from so many packages makes the package vulnerable to any of
    them becoming unavailable. Move as many as possible to Suggests and
    use conditionally.
Flavor: r-devel-linux-x86_64-fedora-clang

Version: 1.2.4
Check: package dependencies
Result: ERROR
    Package required but not available: ‘ggtree’
    
    See section ‘The DESCRIPTION file’ in the ‘Writing R Extensions’
    manual.
Flavors: r-release-macos-x86_64, r-oldrel-macos-x86_64

Version: 1.2.4
Check: examples
Result: ERROR
    Running examples in 'genBaRcode-Ex.R' failed
    The error most likely occurred in:
    
    > ### Name: plotClusterGgTree
    > ### Title: Plotting a Cluster ggTree
    > ### Aliases: plotClusterGgTree
    >
    > ### ** Examples
    >
    > data(BC_dat)
    > plotClusterGgTree(BC_dat, tree_est = "UPGMA", type = "circular")
    Error: object 'get_aes_var' is not exported by 'namespace:rvcheck'
    Execution halted
Flavor: r-oldrel-windows-ix86+x86_64

Version: 1.2.4
Check: re-building of vignette outputs
Result: WARN
    Error(s) in re-building vignettes:
    --- re-building 'genBaRcode_GUI_Vignette.Rmd' using rmarkdown
    --- finished re-building 'genBaRcode_GUI_Vignette.Rmd'
    
    --- re-building 'genBaRcode_Vignette.Rmd' using rmarkdown
    Quitting from lines 692-696 (genBaRcode_Vignette.Rmd)
    Error: processing vignette 'genBaRcode_Vignette.Rmd' failed with diagnostics:
    object 'get_aes_var' is not exported by 'namespace:rvcheck'
    --- failed re-building 'genBaRcode_Vignette.Rmd'
    
    SUMMARY: processing the following file failed:
     'genBaRcode_Vignette.Rmd'
    
    Error: Vignette re-building failed.
    Execution halted
Flavor: r-oldrel-windows-ix86+x86_64