CRAN Package Check Results for Package genderBR

Last updated on 2024-07-24 20:52:22 CEST.

Flavor Version Tinstall Tcheck Ttotal Status Flags
r-devel-linux-x86_64-debian-clang 1.1.2 3.30 33.84 37.14 OK
r-devel-linux-x86_64-debian-gcc 1.1.2 2.63 26.12 28.75 OK
r-devel-linux-x86_64-fedora-clang 1.1.2 50.59 NOTE
r-devel-linux-x86_64-fedora-gcc 1.1.2 45.63 NOTE
r-devel-windows-x86_64 1.1.2 6.00 47.00 53.00 OK
r-patched-linux-x86_64 1.1.2 3.80 32.62 36.42 OK
r-release-linux-x86_64 1.1.2 2.41 31.58 33.99 OK
r-release-macos-arm64 1.1.2 16.00 OK
r-release-macos-x86_64 1.1.2 37.00 OK
r-release-windows-x86_64 1.1.2 4.00 46.00 50.00 OK
r-oldrel-macos-arm64 1.1.2 20.00 OK
r-oldrel-macos-x86_64 1.1.2 26.00 OK
r-oldrel-windows-x86_64 1.1.2 7.00 51.00 58.00 OK

Check Details

Version: 1.1.2
Check: dependencies in R code
Result: NOTE Namespace in Imports field not imported from: ‘purrr’ All declared Imports should be used. Flavors: r-devel-linux-x86_64-fedora-clang, r-devel-linux-x86_64-fedora-gcc