CRAN Package Check Results for Package genderBR

Last updated on 2023-10-01 12:58:39 CEST.

Flavor Version Tinstall Tcheck Ttotal Status Flags
r-devel-linux-x86_64-debian-clang 1.1.2 3.35 32.96 36.31 OK
r-devel-linux-x86_64-debian-gcc 1.1.2 2.89 25.90 28.79 OK
r-devel-linux-x86_64-fedora-clang 1.1.2 45.30 NOTE
r-devel-linux-x86_64-fedora-gcc 1.1.2 43.57 NOTE
r-devel-windows-x86_64 1.1.2 5.00 48.00 53.00 OK
r-patched-linux-x86_64 1.1.2 3.27 31.81 35.08 OK
r-release-linux-x86_64 1.1.2 3.97 32.36 36.33 OK
r-release-macos-arm64 1.1.2 20.00 OK
r-release-macos-x86_64 1.1.2 26.00 OK
r-release-windows-x86_64 1.1.2 6.00 48.00 54.00 OK
r-oldrel-macos-arm64 1.1.2 19.00 NOTE
r-oldrel-macos-x86_64 1.1.2 33.00 NOTE
r-oldrel-windows-x86_64 1.1.2 7.00 50.00 57.00 OK

Check Details

Version: 1.1.2
Check: dependencies in R code
Result: NOTE
    Namespace in Imports field not imported from: ‘purrr’
     All declared Imports should be used.
Flavors: r-devel-linux-x86_64-fedora-clang, r-devel-linux-x86_64-fedora-gcc, r-oldrel-macos-arm64, r-oldrel-macos-x86_64