Last updated on 2023-12-07 04:01:53 CET.
Flavor | Version | Tinstall | Tcheck | Ttotal | Status | Flags |
---|---|---|---|---|---|---|
r-devel-linux-x86_64-debian-clang | 0.9 | 2.18 | 36.81 | 38.99 | OK | |
r-devel-linux-x86_64-debian-gcc | 0.9 | 1.67 | 27.62 | 29.29 | OK | |
r-devel-linux-x86_64-fedora-clang | 0.9 | 49.84 | NOTE | |||
r-devel-linux-x86_64-fedora-gcc | 0.9 | 56.83 | NOTE | |||
r-devel-windows-x86_64 | 0.9 | 4.00 | 115.00 | 119.00 | OK | |
r-patched-linux-x86_64 | 0.9 | 1.61 | 35.53 | 37.14 | OK | |
r-release-linux-x86_64 | 0.9 | 1.58 | 35.30 | 36.88 | OK | |
r-release-macos-arm64 | 0.9 | 8.00 | ERROR | |||
r-release-macos-x86_64 | 0.9 | 43.00 | OK | |||
r-release-windows-x86_64 | 0.9 | 4.00 | 321.00 | 325.00 | OK | |
r-oldrel-macos-arm64 | 0.9 | 29.00 | NOTE | |||
r-oldrel-macos-x86_64 | 0.9 | 39.00 | NOTE | |||
r-oldrel-windows-x86_64 | 0.9 | 4.00 | 131.00 | 135.00 | OK |
Version: 0.9
Check: dependencies in R code
Result: NOTE
Namespaces in Imports field not imported from:
‘BiocManager’ ‘R.utils’ ‘markdown’
All declared Imports should be used.
Flavors: r-devel-linux-x86_64-fedora-clang, r-devel-linux-x86_64-fedora-gcc, r-oldrel-macos-arm64, r-oldrel-macos-x86_64
Version: 0.9
Check: package dependencies
Result: ERROR
Package required but not available: ‘GEOquery’
See section ‘The DESCRIPTION file’ in the ‘Writing R Extensions’
manual.
Flavor: r-release-macos-arm64