CRAN Package Check Results for Package generics

Last updated on 2021-10-23 00:48:54 CEST.

Flavor Version Tinstall Tcheck Ttotal Status Flags
r-devel-linux-x86_64-debian-clang 0.1.0 2.45 34.36 36.81 NOTE
r-devel-linux-x86_64-debian-gcc 0.1.0 1.83 26.38 28.21 NOTE
r-devel-linux-x86_64-fedora-clang 0.1.0 54.85 NOTE
r-devel-linux-x86_64-fedora-gcc 0.1.0 44.30 NOTE
r-devel-windows-x86_64 0.1.0 4.00 54.00 58.00 NOTE
r-devel-windows-x86_64-gcc10-UCRT 0.1.0 NOTE
r-patched-linux-x86_64 0.1.0 2.90 33.12 36.02 NOTE
r-patched-solaris-x86 0.1.0 63.20 NOTE
r-release-linux-x86_64 0.1.0 2.28 33.00 35.28 NOTE
r-release-macos-arm64 0.1.0 NOTE
r-release-macos-x86_64 0.1.0 NOTE
r-release-windows-ix86+x86_64 0.1.0 5.00 58.00 63.00 NOTE
r-oldrel-macos-x86_64 0.1.0 OK
r-oldrel-windows-ix86+x86_64 0.1.0 20.00 51.00 71.00 OK

Check Details

Version: 0.1.0
Check: LazyData
Result: NOTE
     'LazyData' is specified without a 'data' directory
Flavors: r-devel-linux-x86_64-debian-clang, r-devel-linux-x86_64-debian-gcc, r-devel-linux-x86_64-fedora-clang, r-devel-linux-x86_64-fedora-gcc, r-devel-windows-x86_64, r-devel-windows-x86_64-gcc10-UCRT, r-patched-linux-x86_64, r-patched-solaris-x86, r-release-linux-x86_64, r-release-macos-arm64, r-release-macos-x86_64, r-release-windows-ix86+x86_64