CRAN Package Check Results for Package genieclust

Last updated on 2021-09-19 04:53:01 CEST.

Flavor Version Tinstall Tcheck Ttotal Status Flags
r-devel-linux-x86_64-debian-clang 1.0.0 41.24 29.00 70.24 OK
r-devel-linux-x86_64-debian-gcc 1.0.0 27.35 22.88 50.23 OK
r-devel-linux-x86_64-fedora-clang 1.0.0 107.50 OK
r-devel-linux-x86_64-fedora-gcc 1.0.0 87.83 OK
r-devel-windows-x86_64 1.0.0 41.00 62.00 103.00 OK
r-devel-windows-x86_64-gcc10-UCRT 1.0.0 ERROR
r-patched-linux-x86_64 1.0.0 36.05 29.47 65.52 OK
r-patched-solaris-x86 1.0.0 91.70 NOTE
r-release-linux-x86_64 1.0.0 31.61 27.75 59.36 OK
r-release-macos-arm64 1.0.0 OK
r-release-macos-x86_64 1.0.0 OK
r-release-windows-ix86+x86_64 1.0.0 94.00 61.00 155.00 OK
r-oldrel-macos-x86_64 1.0.0 OK
r-oldrel-windows-ix86+x86_64 1.0.0 94.00 59.00 153.00 OK

Check Details

Version: 1.0.0
Check: whether package can be installed
Result: ERROR
    Installation failed.
Flavor: r-devel-windows-x86_64-gcc10-UCRT

Version: 1.0.0
Check: package dependencies
Result: NOTE
    Package suggested but not available for checking: ‘mlpack’
Flavor: r-patched-solaris-x86