CRAN Package Check Results for Package genius

Last updated on 2022-01-20 23:52:15 CET.

Flavor Version Tinstall Tcheck Ttotal Status Flags
r-devel-linux-x86_64-debian-clang 2.2.3 OK
r-devel-linux-x86_64-debian-gcc 2.2.3 7.98 68.07 76.05 OK
r-devel-linux-x86_64-fedora-clang 2.2.3 121.19 OK
r-devel-linux-x86_64-fedora-gcc 2.2.3 106.62 OK
r-devel-windows-x86_64-new-UL 2.2.3 39.00 105.00 144.00 WARN
r-devel-windows-x86_64-new-TK 2.2.3 WARN
r-patched-linux-x86_64 2.2.3 10.14 84.08 94.22 OK
r-release-linux-x86_64 2.2.3 7.42 84.94 92.36 OK
r-release-macos-arm64 2.2.3 OK
r-release-macos-x86_64 2.2.3 OK
r-release-windows-ix86+x86_64 2.2.3 25.00 102.00 127.00 OK
r-oldrel-macos-x86_64 2.2.3 OK
r-oldrel-windows-ix86+x86_64 2.2.3 23.00 104.00 127.00 WARN

Check Details

Version: 2.2.3
Check: R files for syntax errors
Result: WARN
    Warnings in file 'R/utils.R':
     unable to translate '<U+00E9>' to native encoding
     unable to translate '<U+00F6>' to native encoding
     unable to translate '<U+00F8>' to native encoding
     unable to translate '<U+2019>' to native encoding
Flavors: r-devel-windows-x86_64-new-UL, r-devel-windows-x86_64-new-TK, r-oldrel-windows-ix86+x86_64