CRAN Package Check Results for Package gensvm

Last updated on 2024-06-22 21:47:21 CEST.

Flavor Version Tinstall Tcheck Ttotal Status Flags
r-devel-linux-x86_64-debian-clang 0.1.7 14.70 38.33 53.03 NOTE
r-devel-linux-x86_64-debian-gcc 0.1.7 9.66 28.63 38.29 NOTE
r-devel-linux-x86_64-fedora-clang 0.1.7 63.48 NOTE
r-devel-linux-x86_64-fedora-gcc 0.1.7 62.60 NOTE
r-devel-windows-x86_64 0.1.7 64.00 55.00 119.00 NOTE
r-patched-linux-x86_64 0.1.7 13.20 36.80 50.00 NOTE
r-release-linux-x86_64 0.1.7 11.60 35.86 47.46 NOTE
r-release-macos-arm64 0.1.7 24.00 NOTE
r-release-macos-x86_64 0.1.7 38.00 NOTE
r-release-windows-x86_64 0.1.7 62.00 53.00 115.00 NOTE
r-oldrel-macos-arm64 0.1.7 28.00 OK
r-oldrel-macos-x86_64 0.1.7 39.00 OK
r-oldrel-windows-x86_64 0.1.7 59.00 58.00 117.00 OK

Check Details

Version: 0.1.7
Check: Rd files
Result: NOTE checkRd: (-1) gensvm.grid.Rd:125: Lost braces 125 | "Kernels in GenSVM" in the code{ink{gensvm-package}} page for more info.} | ^ checkRd: (-1) gensvm.grid.Rd:125: Lost braces 125 | "Kernels in GenSVM" in the code{ink{gensvm-package}} page for more info.} | ^ checkRd: (-1) gensvm.grid.Rd:127: Lost braces 127 | GenSVM" in the code{ink{gensvm-package}} page for more info.} | ^ checkRd: (-1) gensvm.grid.Rd:127: Lost braces 127 | GenSVM" in the code{ink{gensvm-package}} page for more info.} | ^ checkRd: (-1) gensvm.grid.Rd:129: Lost braces 129 | section "Kernels in GenSVM" in the code{ink{gensvm-package}} page for more | ^ checkRd: (-1) gensvm.grid.Rd:129: Lost braces 129 | section "Kernels in GenSVM" in the code{ink{gensvm-package}} page for more | ^ Flavors: r-devel-linux-x86_64-debian-clang, r-devel-linux-x86_64-debian-gcc, r-devel-linux-x86_64-fedora-clang, r-devel-linux-x86_64-fedora-gcc, r-devel-windows-x86_64, r-patched-linux-x86_64, r-release-linux-x86_64, r-release-macos-arm64, r-release-macos-x86_64, r-release-windows-x86_64