CRAN Package Check Results for Package geoR

Last updated on 2021-10-25 04:54:10 CEST.

Flavor Version Tinstall Tcheck Ttotal Status Flags
r-devel-linux-x86_64-debian-clang 1.8-1 37.58 165.28 202.86 OK
r-devel-linux-x86_64-debian-gcc 1.8-1 26.12 121.37 147.49 OK
r-devel-linux-x86_64-fedora-clang 1.8-1 255.78 NOTE
r-devel-linux-x86_64-fedora-gcc 1.8-1 276.09 OK
r-devel-windows-x86_64 1.8-1 40.00 123.00 163.00 OK
r-devel-windows-x86_64-gcc10-UCRT 1.8-1 OK
r-patched-linux-x86_64 1.8-1 37.23 162.60 199.83 OK
r-patched-solaris-x86 1.8-1 291.10 OK
r-release-linux-x86_64 1.8-1 33.43 162.08 195.51 OK
r-release-macos-arm64 1.8-1 OK
r-release-macos-x86_64 1.8-1 OK
r-release-windows-ix86+x86_64 1.8-1 35.00 218.00 253.00 OK
r-oldrel-macos-x86_64 1.8-1 OK
r-oldrel-windows-ix86+x86_64 1.8-1 46.00 217.00 263.00 OK

Additional issues

M1mac

Check Details

Version: 1.8-1
Check: Rd cross-references
Result: NOTE
    Undeclared package ‘car’ in Rd xrefs
Flavor: r-devel-linux-x86_64-fedora-clang