CRAN Package Check Results for Package geodrawr

Last updated on 2023-09-27 21:01:24 CEST.

Flavor Version Tinstall Tcheck Ttotal Status Flags
r-devel-linux-x86_64-debian-clang 2.0.0 5.87 62.37 68.24 NOTE
r-devel-linux-x86_64-debian-gcc 2.0.0 5.35 46.83 52.18 NOTE
r-devel-linux-x86_64-fedora-clang 2.0.0 81.07 NOTE
r-devel-linux-x86_64-fedora-gcc 2.0.0 81.50 NOTE
r-devel-windows-x86_64 2.0.0 8.00 61.00 69.00 NOTE
r-patched-linux-x86_64 2.0.0 4.77 59.84 64.61 NOTE
r-release-linux-x86_64 2.0.0 5.41 58.55 63.96 NOTE
r-release-macos-arm64 2.0.0 30.00 NOTE
r-release-macos-x86_64 2.0.0 42.00 NOTE
r-release-windows-x86_64 2.0.0 10.00 70.00 80.00 NOTE
r-oldrel-macos-arm64 2.0.0 25.00 NOTE
r-oldrel-macos-x86_64 2.0.0 59.00 NOTE
r-oldrel-windows-x86_64 2.0.0 11.00 77.00 88.00 NOTE

Check Details

Version: 2.0.0
Check: LazyData
Result: NOTE
     'LazyData' is specified without a 'data' directory
Flavors: r-devel-linux-x86_64-debian-clang, r-devel-linux-x86_64-debian-gcc, r-devel-linux-x86_64-fedora-clang, r-devel-linux-x86_64-fedora-gcc, r-devel-windows-x86_64, r-patched-linux-x86_64, r-release-linux-x86_64, r-release-macos-arm64, r-release-macos-x86_64, r-release-windows-x86_64, r-oldrel-macos-arm64, r-oldrel-macos-x86_64, r-oldrel-windows-x86_64