CRAN Package Check Results for Package geofi

Last updated on 2022-12-04 03:54:05 CET.

Flavor Version Tinstall Tcheck Ttotal Status Flags
r-devel-linux-x86_64-debian-clang 1.0.7 9.13 234.22 243.35 OK
r-devel-linux-x86_64-debian-gcc 1.0.7 7.20 172.86 180.06 OK
r-devel-linux-x86_64-fedora-clang 1.0.7 319.88 NOTE
r-devel-linux-x86_64-fedora-gcc 1.0.7 300.24 NOTE
r-devel-windows-x86_64 1.0.7 36.00 348.00 384.00 OK
r-patched-linux-x86_64 1.0.7 8.64 214.77 223.41 OK
r-release-linux-x86_64 1.0.7 7.40 206.22 213.62 OK
r-release-macos-arm64 1.0.7 219.00 NOTE
r-release-macos-x86_64 1.0.7 270.00 NOTE
r-release-windows-x86_64 1.0.7 48.00 353.00 401.00 OK
r-oldrel-macos-arm64 1.0.7 202.00 NOTE
r-oldrel-macos-x86_64 1.0.7 282.00 NOTE
r-oldrel-windows-ix86+x86_64 1.0.7 22.00 351.00 373.00 OK

Check Details

Version: 1.0.7
Check: data for non-ASCII characters
Result: NOTE
     Note: found 76726 marked UTF-8 strings
Flavors: r-devel-linux-x86_64-fedora-clang, r-devel-linux-x86_64-fedora-gcc, r-release-macos-arm64, r-release-macos-x86_64, r-oldrel-macos-arm64, r-oldrel-macos-x86_64