Last updated on 2023-03-30 20:49:11 CEST.
Flavor | Version | Tinstall | Tcheck | Ttotal | Status | Flags |
---|---|---|---|---|---|---|
r-devel-linux-x86_64-debian-clang | 1.1.1 | 59.56 | 35.11 | 94.67 | NOTE | |
r-devel-linux-x86_64-debian-gcc | 1.1.1 | 54.40 | 27.91 | 82.31 | NOTE | |
r-devel-linux-x86_64-fedora-clang | 1.1.1 | 140.61 | NOTE | |||
r-devel-linux-x86_64-fedora-gcc | 1.1.1 | 144.54 | NOTE | |||
r-devel-windows-x86_64 | 1.1.1 | 78.00 | 92.00 | 170.00 | NOTE | |
r-patched-linux-x86_64 | 1.1.1 | 56.13 | 34.56 | 90.69 | NOTE | |
r-release-linux-x86_64 | 1.1.1 | 58.59 | 35.30 | 93.89 | OK | |
r-release-macos-arm64 | 1.1.1 | 48.00 | NOTE | |||
r-release-macos-x86_64 | 1.1.1 | 50.00 | NOTE | |||
r-release-windows-x86_64 | 1.1.1 | 74.00 | 94.00 | 168.00 | OK | |
r-oldrel-macos-arm64 | 1.1.1 | 46.00 | NOTE | |||
r-oldrel-macos-x86_64 | 1.1.1 | 55.00 | NOTE | |||
r-oldrel-windows-ix86+x86_64 | 1.1.1 | 146.00 | 99.00 | 245.00 | OK |
Version: 1.1.1
Check: C++ specification
Result: NOTE
Specified C++11: please drop specification unless essential
Flavors: r-devel-linux-x86_64-debian-clang, r-devel-linux-x86_64-debian-gcc, r-devel-linux-x86_64-fedora-clang, r-devel-linux-x86_64-fedora-gcc, r-devel-windows-x86_64, r-patched-linux-x86_64
Version: 1.1.1
Check: installed package size
Result: NOTE
installed size is 6.0Mb
sub-directories of 1Mb or more:
doc 1.3Mb
libs 4.6Mb
Flavors: r-release-macos-arm64, r-release-macos-x86_64, r-oldrel-macos-arm64, r-oldrel-macos-x86_64