CRAN Package Check Results for Package geometa

Last updated on 2021-11-29 07:51:10 CET.

Flavor Version Tinstall Tcheck Ttotal Status Flags
r-devel-linux-x86_64-debian-clang 0.6-4 OK
r-devel-linux-x86_64-debian-gcc 0.6-4 179.89 228.72 408.61 OK
r-devel-linux-x86_64-fedora-clang 0.6-4 699.02 NOTE
r-devel-linux-x86_64-fedora-gcc 0.6-4 739.08 OK
r-devel-windows-x86_64-new-UL 0.6-4 378.00 460.00 838.00 NOTE
r-devel-windows-x86_64-new-TK 0.6-4 OK
r-devel-windows-x86_64-old 0.6-4 237.00 446.00 683.00 NOTE
r-patched-linux-x86_64 0.6-4 229.09 294.56 523.65 OK
r-patched-solaris-x86 0.6-4 769.70 NOTE
r-release-linux-x86_64 0.6-4 209.94 296.64 506.58 OK
r-release-macos-arm64 0.6-4 NOTE
r-release-macos-x86_64 0.6-4 NOTE
r-release-windows-ix86+x86_64 0.6-4 370.00 347.00 717.00 NOTE
r-oldrel-macos-x86_64 0.6-4 NOTE
r-oldrel-windows-ix86+x86_64 0.6-4 269.00 440.00 709.00 NOTE

Check Details

Version: 0.6-4
Check: installed package size
Result: NOTE
     installed size is 11.7Mb
     sub-directories of 1Mb or more:
     R 9.0Mb
     extdata 1.8Mb
Flavors: r-devel-linux-x86_64-fedora-clang, r-devel-windows-x86_64-new-UL, r-devel-windows-x86_64-old, r-patched-solaris-x86, r-release-macos-arm64, r-release-macos-x86_64, r-release-windows-ix86+x86_64, r-oldrel-macos-x86_64, r-oldrel-windows-ix86+x86_64

Version: 0.6-4
Check: package dependencies
Result: NOTE
    Package suggested but not available for checking: ‘udunits2’
Flavors: r-release-macos-arm64, r-release-macos-x86_64