CRAN Package Check Results for Package geospt

Last updated on 2021-12-01 19:51:36 CET.

Flavor Version Tinstall Tcheck Ttotal Status Flags
r-devel-linux-x86_64-debian-clang 1.0-2 11.64 124.93 136.57 OK
r-devel-linux-x86_64-debian-gcc 1.0-2 8.26 91.42 99.68 OK
r-devel-linux-x86_64-fedora-clang 1.0-2 171.65 NOTE
r-devel-linux-x86_64-fedora-gcc 1.0-2 154.54 OK
r-devel-windows-x86_64-new-UL 1.0-2 22.00 164.00 186.00 OK
r-devel-windows-x86_64-new-TK 1.0-2 OK
r-devel-windows-x86_64-old 1.0-2 17.00 111.00 128.00 OK
r-patched-linux-x86_64 1.0-2 14.88 115.02 129.90 OK
r-patched-solaris-x86 1.0-2 208.20 OK
r-release-linux-x86_64 1.0-2 11.11 115.10 126.21 OK
r-release-macos-arm64 1.0-2 OK
r-release-macos-x86_64 1.0-2 OK
r-release-windows-ix86+x86_64 1.0-2 26.00 100.00 126.00 OK
r-oldrel-macos-x86_64 1.0-2 OK
r-oldrel-windows-ix86+x86_64 1.0-2 18.00 108.00 126.00 OK

Check Details

Version: 1.0-2
Check: Rd cross-references
Result: NOTE
    Undeclared package ‘nloptr’ in Rd xrefs
Flavor: r-devel-linux-x86_64-fedora-clang