CRAN Package Check Results for Package gepaf

Last updated on 2023-09-30 01:49:57 CEST.

Flavor Version Tinstall Tcheck Ttotal Status Flags
r-devel-linux-x86_64-debian-clang 0.1.1 1.96 19.90 21.86 NOTE
r-devel-linux-x86_64-debian-gcc 0.1.1 1.55 15.62 17.17 NOTE
r-devel-linux-x86_64-fedora-clang 0.1.1 27.45 NOTE
r-devel-linux-x86_64-fedora-gcc 0.1.1 26.52 NOTE
r-devel-windows-x86_64 0.1.1 3.00 36.00 39.00 NOTE
r-patched-linux-x86_64 0.1.1 1.82 19.41 21.23 NOTE
r-release-linux-x86_64 0.1.1 1.88 19.48 21.36 NOTE
r-release-macos-arm64 0.1.1 14.00 NOTE
r-release-macos-x86_64 0.1.1 19.00 NOTE
r-release-windows-x86_64 0.1.1 3.00 42.00 45.00 NOTE
r-oldrel-macos-arm64 0.1.1 16.00 NOTE
r-oldrel-macos-x86_64 0.1.1 18.00 NOTE
r-oldrel-windows-x86_64 0.1.1 6.00 44.00 50.00 NOTE

Check Details

Version: 0.1.1
Check: LazyData
Result: NOTE
     'LazyData' is specified without a 'data' directory
Flavors: r-devel-linux-x86_64-debian-clang, r-devel-linux-x86_64-debian-gcc, r-devel-linux-x86_64-fedora-clang, r-devel-linux-x86_64-fedora-gcc, r-devel-windows-x86_64, r-patched-linux-x86_64, r-release-linux-x86_64, r-release-macos-arm64, r-release-macos-x86_64, r-release-windows-x86_64, r-oldrel-macos-arm64, r-oldrel-macos-x86_64, r-oldrel-windows-x86_64