Last updated on 2023-06-05 01:52:06 CEST.
Flavor | Version | Tinstall | Tcheck | Ttotal | Status | Flags |
---|---|---|---|---|---|---|
r-devel-linux-x86_64-debian-clang | 1.0.2 | 166.97 | 203.30 | 370.27 | NOTE | |
r-devel-linux-x86_64-debian-gcc | 1.0.2 | 146.96 | 167.05 | 314.01 | NOTE | |
r-devel-linux-x86_64-fedora-clang | 1.0.2 | 464.00 | NOTE | |||
r-devel-linux-x86_64-fedora-gcc | 1.0.2 | 548.73 | NOTE | |||
r-devel-windows-x86_64 | 1.0.2 | 120.00 | 167.00 | 287.00 | NOTE | |
r-patched-linux-x86_64 | 1.0.2 | 159.68 | 204.61 | 364.29 | NOTE | |
r-release-linux-x86_64 | 1.0.2 | 158.48 | 203.37 | 361.85 | NOTE | |
r-release-macos-arm64 | 1.0.2 | 136.00 | NOTE | |||
r-release-macos-x86_64 | 1.0.2 | 209.00 | NOTE | |||
r-release-windows-x86_64 | 1.0.2 | 147.00 | 204.00 | 351.00 | NOTE | |
r-oldrel-macos-arm64 | 1.0.2 | 127.00 | NOTE | |||
r-oldrel-macos-x86_64 | 1.0.2 | 189.00 | NOTE | |||
r-oldrel-windows-x86_64 | 1.0.2 | 138.00 | 197.00 | 335.00 | OK |
Version: 1.0.2
Check: C++ specification
Result: NOTE
Specified C++11: please drop specification unless essential
Flavors: r-devel-linux-x86_64-debian-clang, r-devel-linux-x86_64-debian-gcc, r-devel-linux-x86_64-fedora-clang, r-devel-linux-x86_64-fedora-gcc, r-devel-windows-x86_64, r-patched-linux-x86_64, r-release-linux-x86_64, r-release-macos-arm64, r-release-macos-x86_64, r-release-windows-x86_64
Version: 1.0.2
Check: installed package size
Result: NOTE
installed size is 34.1Mb
sub-directories of 1Mb or more:
libs 33.8Mb
Flavors: r-release-macos-arm64, r-release-macos-x86_64, r-oldrel-macos-arm64, r-oldrel-macos-x86_64