CRAN Package Check Results for Package ggExtra

Last updated on 2021-11-27 03:57:59 CET.

Flavor Version Tinstall Tcheck Ttotal Status Flags
r-devel-linux-x86_64-debian-clang 0.9 6.49 50.91 57.40 NOTE
r-devel-linux-x86_64-debian-gcc 0.9 5.06 39.51 44.57 NOTE
r-devel-linux-x86_64-fedora-clang 0.9 77.44 NOTE
r-devel-linux-x86_64-fedora-gcc 0.9 65.72 NOTE
r-devel-windows-x86_64-new-UL 0.9 18.00 105.00 123.00 NOTE
r-devel-windows-x86_64-new-TK 0.9 NOTE
r-devel-windows-x86_64-old 0.9 9.00 82.00 91.00 NOTE
r-patched-linux-x86_64 0.9 6.00 47.62 53.62 NOTE
r-patched-solaris-x86 0.9 83.90 NOTE
r-release-linux-x86_64 0.9 NOTE
r-release-macos-arm64 0.9 NOTE
r-release-macos-x86_64 0.9 NOTE
r-release-windows-ix86+x86_64 0.9 13.00 53.00 66.00 NOTE
r-oldrel-macos-x86_64 0.9 NOTE
r-oldrel-windows-ix86+x86_64 0.9 16.00 74.00 90.00 OK

Check Details

Version: 0.9
Check: LazyData
Result: NOTE
     'LazyData' is specified without a 'data' directory
Flavors: r-devel-linux-x86_64-debian-clang, r-devel-linux-x86_64-debian-gcc, r-devel-linux-x86_64-fedora-clang, r-devel-linux-x86_64-fedora-gcc, r-devel-windows-x86_64-new-UL, r-devel-windows-x86_64-new-TK, r-devel-windows-x86_64-old, r-patched-linux-x86_64, r-patched-solaris-x86, r-release-linux-x86_64, r-release-macos-arm64, r-release-macos-x86_64, r-release-windows-ix86+x86_64

Version: 0.9
Check: dependencies in R code
Result: NOTE
    Namespaces in Imports field not imported from:
     ‘R6’ ‘grDevices’ ‘scales’ ‘utils’
     All declared Imports should be used.
Flavors: r-devel-linux-x86_64-fedora-clang, r-devel-linux-x86_64-fedora-gcc, r-devel-windows-x86_64-new-TK, r-patched-solaris-x86, r-release-macos-arm64, r-release-macos-x86_64, r-oldrel-macos-x86_64