CRAN Package Check Results for Package ggRandomForests

Last updated on 2021-12-03 23:49:59 CET.

Flavor Version Tinstall Tcheck Ttotal Status Flags
r-devel-linux-x86_64-debian-clang 2.0.1 13.89 112.52 126.41 OK
r-devel-linux-x86_64-debian-gcc 2.0.1 10.48 97.97 108.45 OK
r-devel-linux-x86_64-fedora-clang 2.0.1 160.57 NOTE
r-devel-linux-x86_64-fedora-gcc 2.0.1 143.91 NOTE
r-devel-windows-x86_64-new-UL 2.0.1 26.00 160.00 186.00 OK
r-devel-windows-x86_64-new-TK 2.0.1 NOTE
r-devel-windows-x86_64-old 2.0.1 22.00 99.00 121.00 OK
r-patched-linux-x86_64 2.0.1 12.05 101.62 113.67 OK
r-release-linux-x86_64 2.0.1 13.83 101.89 115.72 OK
r-release-macos-arm64 2.0.1 NOTE
r-release-macos-x86_64 2.0.1 NOTE
r-release-windows-ix86+x86_64 2.0.1 29.00 134.00 163.00 OK
r-oldrel-macos-x86_64 2.0.1 NOTE
r-oldrel-windows-ix86+x86_64 2.0.1 30.00 133.00 163.00 OK

Check Details

Version: 2.0.1
Check: dependencies in R code
Result: NOTE
    Namespace in Imports field not imported from: ‘randomForest’
     All declared Imports should be used.
Flavors: r-devel-linux-x86_64-fedora-clang, r-devel-linux-x86_64-fedora-gcc, r-devel-windows-x86_64-new-TK, r-release-macos-arm64, r-release-macos-x86_64, r-oldrel-macos-x86_64