Last updated on 2025-01-25 19:48:45 CET.
Flavor | Version | Tinstall | Tcheck | Ttotal | Status | Flags |
---|---|---|---|---|---|---|
r-devel-linux-x86_64-debian-clang | 0.1.0 | 4.63 | 41.73 | 46.36 | OK | |
r-devel-linux-x86_64-debian-gcc | 0.1.0 | 2.98 | 32.53 | 35.51 | OK | |
r-devel-linux-x86_64-fedora-clang | 0.1.0 | 72.13 | OK | |||
r-devel-linux-x86_64-fedora-gcc | 0.1.0 | 68.70 | OK | |||
r-devel-windows-x86_64 | 0.1.0 | 8.00 | 65.00 | 73.00 | OK | |
r-patched-linux-x86_64 | 0.1.0 | 3.93 | 39.73 | 43.66 | NOTE | |
r-release-linux-x86_64 | 0.1.0 | 3.70 | 40.04 | 43.74 | NOTE | |
r-release-macos-arm64 | 0.1.0 | 26.00 | NOTE | |||
r-release-macos-x86_64 | 0.1.0 | 37.00 | NOTE | |||
r-release-windows-x86_64 | 0.1.0 | 7.00 | 63.00 | 70.00 | NOTE | |
r-oldrel-macos-arm64 | 0.1.0 | 26.00 | NOTE | |||
r-oldrel-macos-x86_64 | 0.1.0 | 37.00 | NOTE | |||
r-oldrel-windows-x86_64 | 0.1.0 | 7.00 | 68.00 | 75.00 | NOTE |
Version: 0.1.0
Check: LazyData
Result: NOTE
'LazyData' is specified without a 'data' directory
Flavors: r-patched-linux-x86_64, r-release-linux-x86_64, r-release-macos-arm64, r-release-macos-x86_64, r-release-windows-x86_64, r-oldrel-macos-arm64, r-oldrel-macos-x86_64, r-oldrel-windows-x86_64