CRAN Package Check Results for Package ggchangepoint

Last updated on 2024-06-12 20:58:57 CEST.

Flavor Version Tinstall Tcheck Ttotal Status Flags
r-devel-linux-x86_64-debian-clang 0.1.0 5.94 93.28 99.22 OK
r-devel-linux-x86_64-debian-gcc 0.1.0 0.38 1.79 2.17 ERROR
r-devel-linux-x86_64-fedora-clang 0.1.0 134.06 OK
r-devel-linux-x86_64-fedora-gcc 0.1.0 134.07 OK
r-devel-windows-x86_64 0.1.0 7.00 84.00 91.00 OK
r-patched-linux-x86_64 0.1.0 7.06 92.17 99.23 OK
r-release-linux-x86_64 0.1.0 6.09 92.06 98.15 OK
r-release-macos-arm64 0.1.0 43.00 OK
r-release-macos-x86_64 0.1.0 64.00 OK
r-release-windows-x86_64 0.1.0 8.00 87.00 95.00 OK
r-oldrel-macos-arm64 0.1.0 39.00 OK
r-oldrel-macos-x86_64 0.1.0 74.00 OK
r-oldrel-windows-x86_64 0.1.0 8.00 97.00 105.00 OK

Check Details

Version: 0.1.0
Check: package dependencies
Result: ERROR Packages required but not available: 'dplyr', 'ggplot2', 'tibble' See section ‘The DESCRIPTION file’ in the ‘Writing R Extensions’ manual. Flavor: r-devel-linux-x86_64-debian-gcc