CRAN Package Check Results for Package ggdendro

Last updated on 2021-10-24 00:50:58 CEST.

Flavor Version Tinstall Tcheck Ttotal Status Flags
r-devel-linux-x86_64-debian-clang 0.1.22 5.19 65.37 70.56 NOTE
r-devel-linux-x86_64-debian-gcc 0.1.22 4.18 48.11 52.29 NOTE
r-devel-linux-x86_64-fedora-clang 0.1.22 95.38 NOTE
r-devel-linux-x86_64-fedora-gcc 0.1.22 80.71 NOTE
r-devel-windows-x86_64 0.1.22 11.00 90.00 101.00 NOTE
r-devel-windows-x86_64-gcc10-UCRT 0.1.22 NOTE
r-patched-linux-x86_64 0.1.22 6.28 60.80 67.08 NOTE
r-patched-solaris-x86 0.1.22 111.90 NOTE
r-release-linux-x86_64 0.1.22 4.16 60.56 64.72 NOTE
r-release-macos-arm64 0.1.22 NOTE
r-release-macos-x86_64 0.1.22 NOTE
r-release-windows-ix86+x86_64 0.1.22 12.00 86.00 98.00 NOTE
r-oldrel-macos-x86_64 0.1.22 OK
r-oldrel-windows-ix86+x86_64 0.1.22 15.00 84.00 99.00 OK

Check Details

Version: 0.1.22
Check: LazyData
Result: NOTE
     'LazyData' is specified without a 'data' directory
Flavors: r-devel-linux-x86_64-debian-clang, r-devel-linux-x86_64-debian-gcc, r-devel-linux-x86_64-fedora-clang, r-devel-linux-x86_64-fedora-gcc, r-devel-windows-x86_64, r-devel-windows-x86_64-gcc10-UCRT, r-patched-linux-x86_64, r-patched-solaris-x86, r-release-linux-x86_64, r-release-macos-arm64, r-release-macos-x86_64, r-release-windows-ix86+x86_64