Last updated on 2023-05-30 17:00:06 CEST.
Flavor | Version | Tinstall | Tcheck | Ttotal | Status | Flags |
---|---|---|---|---|---|---|
r-devel-linux-x86_64-debian-clang | 3.3.0 | 16.88 | 520.02 | 536.90 | OK | |
r-devel-linux-x86_64-debian-gcc | 3.3.0 | 14.40 | 396.34 | 410.74 | OK | |
r-devel-linux-x86_64-fedora-clang | 3.3.0 | 643.61 | OK | |||
r-devel-linux-x86_64-fedora-gcc | 3.3.0 | 704.41 | OK | |||
r-devel-windows-x86_64 | 3.3.0 | 16.00 | 375.00 | 391.00 | OK | |
r-patched-linux-x86_64 | 3.3.0 | 33.77 | 498.35 | 532.12 | OK | |
r-release-linux-x86_64 | 3.3.0 | 15.94 | 498.56 | 514.50 | OK | |
r-release-macos-arm64 | 3.3.0 | 169.00 | OK | |||
r-release-macos-x86_64 | 3.2.1 | 290.00 | NOTE | |||
r-release-windows-x86_64 | 3.3.0 | 20.00 | 529.00 | 549.00 | OK | |
r-oldrel-macos-arm64 | 3.3.0 | 196.00 | OK | |||
r-oldrel-macos-x86_64 | 3.3.0 | 238.00 | OK | |||
r-oldrel-windows-x86_64 | 3.3.0 | 19.00 | 493.00 | 512.00 | OK |
Version: 3.2.1
Check: package dependencies
Result: NOTE
Package suggested but not available for checking: ‘fda’
Flavor: r-release-macos-x86_64
Version: 3.2.1
Check: Rd cross-references
Result: NOTE
Package unavailable to check Rd xrefs: ‘fda’
Flavor: r-release-macos-x86_64