CRAN Package Check Results for Package gglm

Last updated on 2022-01-26 23:50:19 CET.

Flavor Version Tinstall Tcheck Ttotal Status Flags
r-devel-linux-x86_64-debian-clang 0.1.0 2.01 38.68 40.69 NOTE
r-devel-linux-x86_64-debian-gcc 0.1.0 1.52 29.83 31.35 NOTE
r-devel-linux-x86_64-fedora-clang 0.1.0 49.64 NOTE
r-devel-linux-x86_64-fedora-gcc 0.1.0 38.43 NOTE
r-devel-windows-x86_64-new-UL 0.1.0 17.00 58.00 75.00 NOTE
r-devel-windows-x86_64-new-TK 0.1.0 NOTE
r-patched-linux-x86_64 0.1.0 2.05 35.35 37.40 NOTE
r-release-linux-x86_64 0.1.0 1.81 35.26 37.07 NOTE
r-release-macos-arm64 0.1.0 NOTE
r-release-macos-x86_64 0.1.0 NOTE
r-release-windows-ix86+x86_64 0.1.0 6.00 49.00 55.00 NOTE
r-oldrel-macos-x86_64 0.1.0 OK
r-oldrel-windows-ix86+x86_64 0.1.0 6.00 48.00 54.00 OK

Check Details

Version: 0.1.0
Check: LazyData
Result: NOTE
     'LazyData' is specified without a 'data' directory
Flavors: r-devel-linux-x86_64-debian-clang, r-devel-linux-x86_64-debian-gcc, r-devel-linux-x86_64-fedora-clang, r-devel-linux-x86_64-fedora-gcc, r-devel-windows-x86_64-new-UL, r-devel-windows-x86_64-new-TK, r-patched-linux-x86_64, r-release-linux-x86_64, r-release-macos-arm64, r-release-macos-x86_64, r-release-windows-ix86+x86_64