CRAN Package Check Results for Package ggmosaic

Last updated on 2022-01-17 03:53:06 CET.

Flavor Version Tinstall Tcheck Ttotal Status Flags
r-devel-linux-x86_64-debian-clang 0.3.3 8.63 99.51 108.14 OK
r-devel-linux-x86_64-debian-gcc 0.3.3 7.67 73.71 81.38 OK
r-devel-linux-x86_64-fedora-clang 0.3.3 128.25 NOTE
r-devel-linux-x86_64-fedora-gcc 0.3.3 115.25 NOTE
r-devel-windows-x86_64-new-UL 0.3.3 68.00 121.00 189.00 OK
r-devel-windows-x86_64-new-TK 0.3.3 NOTE
r-patched-linux-x86_64 0.3.3 8.64 90.59 99.23 OK
r-release-linux-x86_64 0.3.3 OK
r-release-macos-arm64 0.3.3 NOTE
r-release-macos-x86_64 0.3.3 NOTE
r-release-windows-ix86+x86_64 0.3.3 21.00 110.00 131.00 OK
r-oldrel-macos-x86_64 0.3.3 NOTE
r-oldrel-windows-ix86+x86_64 0.3.3 22.00 113.00 135.00 OK

Check Details

Version: 0.3.3
Check: dependencies in R code
Result: NOTE
    Namespaces in Imports field not imported from:
     ‘productplots’ ‘scales’
     All declared Imports should be used.
Flavors: r-devel-linux-x86_64-fedora-clang, r-devel-linux-x86_64-fedora-gcc, r-devel-windows-x86_64-new-TK, r-release-macos-arm64, r-release-macos-x86_64, r-oldrel-macos-x86_64