CRAN Package Check Results for Package ggstatsplot

Last updated on 2021-12-08 19:51:33 CET.

Flavor Version Tinstall Tcheck Ttotal Status Flags
r-devel-linux-x86_64-debian-clang 0.9.0 11.99 226.86 238.85 OK
r-devel-linux-x86_64-debian-gcc 0.9.0 8.45 168.04 176.49 OK
r-devel-linux-x86_64-fedora-clang 0.9.0 279.94 NOTE
r-devel-linux-x86_64-fedora-gcc 0.9.0 269.30 NOTE
r-devel-windows-x86_64-new-UL 0.9.0 33.00 248.00 281.00 OK
r-devel-windows-x86_64-new-TK 0.9.0 NOTE
r-devel-windows-x86_64-old 0.9.0 22.00 234.00 256.00 OK
r-patched-linux-x86_64 0.9.0 12.79 210.66 223.45 OK
r-release-linux-x86_64 0.9.0 9.92 212.78 222.70 OK
r-release-macos-arm64 0.9.0 NOTE
r-release-macos-x86_64 0.9.0 NOTE
r-release-windows-ix86+x86_64 0.9.0 22.00 221.00 243.00 OK
r-oldrel-macos-x86_64 0.9.0 NOTE
r-oldrel-windows-ix86+x86_64 0.9.0 35.00 235.00 270.00 OK

Check Details

Version: 0.9.0
Check: dependencies in R code
Result: NOTE
    Namespace in Imports field not imported from: ‘datawizard’
     All declared Imports should be used.
Flavors: r-devel-linux-x86_64-fedora-clang, r-devel-linux-x86_64-fedora-gcc, r-devel-windows-x86_64-new-TK, r-release-macos-arm64, r-release-macos-x86_64, r-oldrel-macos-x86_64

Version: 0.9.0
Check: Rd cross-references
Result: NOTE
    Undeclared package ‘BayesFactor’ in Rd xrefs
Flavor: r-devel-linux-x86_64-fedora-clang