CRAN Package Check Results for Package ggtern

Last updated on 2022-01-17 19:49:36 CET.

Flavor Version Tinstall Tcheck Ttotal Status Flags
r-devel-linux-x86_64-debian-clang 3.3.5 16.13 149.86 165.99 OK
r-devel-linux-x86_64-debian-gcc 3.3.5 12.15 108.68 120.83 OK
r-devel-linux-x86_64-fedora-clang 3.3.5 198.57 NOTE
r-devel-linux-x86_64-fedora-gcc 3.3.5 181.85 NOTE
r-devel-windows-x86_64-new-UL 3.3.5 133.00 175.00 308.00 OK
r-devel-windows-x86_64-new-TK 3.3.5 NOTE
r-patched-linux-x86_64 3.3.5 19.81 136.62 156.43 OK
r-release-linux-x86_64 3.3.5 OK
r-release-macos-arm64 3.3.5 NOTE
r-release-macos-x86_64 3.3.5 NOTE
r-release-windows-ix86+x86_64 3.3.5 33.00 170.00 203.00 OK
r-oldrel-macos-x86_64 3.3.5 NOTE
r-oldrel-windows-ix86+x86_64 3.3.5 32.00 170.00 202.00 OK

Check Details

Version: 3.3.5
Check: dependencies in R code
Result: NOTE
    Namespace in Imports field not imported from: ‘hexbin’
     All declared Imports should be used.
Flavors: r-devel-linux-x86_64-fedora-clang, r-devel-linux-x86_64-fedora-gcc, r-devel-windows-x86_64-new-TK, r-release-macos-arm64, r-release-macos-x86_64, r-oldrel-macos-x86_64

Version: 3.3.5
Check: Rd cross-references
Result: NOTE
    Undeclared packages ‘chemometrics’, ‘rlang’ in Rd xrefs
Flavor: r-devel-linux-x86_64-fedora-clang