CRAN Package Check Results for Package gitcreds

Last updated on 2024-07-16 04:56:08 CEST.

Flavor Version Tinstall Tcheck Ttotal Status Flags
r-devel-linux-x86_64-debian-clang 0.1.2 2.15 35.87 38.02 OK
r-devel-linux-x86_64-debian-gcc 0.1.2 2.08 26.89 28.97 OK
r-devel-linux-x86_64-fedora-clang 0.1.2 49.71 OK
r-devel-linux-x86_64-fedora-gcc 0.1.2 58.81 OK
r-devel-windows-x86_64 0.1.2 3.00 51.00 54.00 OK
r-patched-linux-x86_64 0.1.2 2.66 34.29 36.95 OK
r-release-linux-x86_64 0.1.2 2.16 33.42 35.58 OK
r-release-macos-arm64 0.1.2 24.00 ERROR
r-release-macos-x86_64 0.1.2 38.00 ERROR
r-release-windows-x86_64 0.1.2 3.00 50.00 53.00 OK
r-oldrel-macos-arm64 0.1.2 26.00 OK
r-oldrel-macos-x86_64 0.1.2 39.00 OK
r-oldrel-windows-x86_64 0.1.2 3.00 50.00 53.00 OK

Check Details

Version: 0.1.2
Check: tests
Result: ERROR Running ‘testthat.R’ [0s/0s] Running the tests in ‘tests/testthat.R’ failed. Complete output: > library(testthat) > library(gitcreds) > > test_check("gitcreds", reporter = "progress") Error in loadNamespace(x) : there is no package called 'desc' Calls: test_check ... loadNamespace -> withRestarts -> withOneRestart -> doWithOneRestart Execution halted Flavors: r-release-macos-arm64, r-release-macos-x86_64