Last updated on 2023-03-31 08:54:01 CEST.
Flavor | Version | Tinstall | Tcheck | Ttotal | Status | Flags |
---|---|---|---|---|---|---|
r-devel-linux-x86_64-debian-clang | 1.0.0 | 5.58 | 56.08 | 61.66 | NOTE | |
r-devel-linux-x86_64-debian-gcc | 1.0.0 | 5.12 | 42.41 | 47.53 | NOTE | |
r-devel-linux-x86_64-fedora-clang | 1.0.0 | 78.74 | NOTE | |||
r-devel-linux-x86_64-fedora-gcc | 1.0.0 | 83.59 | NOTE | |||
r-devel-windows-x86_64 | 1.0.0 | 44.00 | 0.00 | 44.00 | NOTE | |
r-patched-linux-x86_64 | 1.0.0 | 6.48 | 52.96 | 59.44 | NOTE | |
r-release-linux-x86_64 | 1.0.0 | 3.99 | 55.16 | 59.15 | NOTE | |
r-release-macos-arm64 | 1.0.0 | 29.00 | NOTE | |||
r-release-macos-x86_64 | 1.0.0 | 51.00 | NOTE | |||
r-release-windows-x86_64 | 1.0.0 | 28.00 | 90.00 | 118.00 | NOTE | |
r-oldrel-macos-arm64 | 1.0.0 | 37.00 | NOTE | |||
r-oldrel-macos-x86_64 | 1.0.0 | 52.00 | NOTE | |||
r-oldrel-windows-ix86+x86_64 | 1.0.0 | 15.00 | 85.00 | 100.00 | NOTE |
Version: 1.0.0
Check: LazyData
Result: NOTE
'LazyData' is specified without a 'data' directory
Flavors: r-devel-linux-x86_64-debian-clang, r-devel-linux-x86_64-debian-gcc, r-devel-linux-x86_64-fedora-clang, r-devel-linux-x86_64-fedora-gcc, r-devel-windows-x86_64, r-patched-linux-x86_64, r-release-linux-x86_64, r-release-macos-arm64, r-release-macos-x86_64, r-release-windows-x86_64, r-oldrel-macos-arm64, r-oldrel-macos-x86_64, r-oldrel-windows-ix86+x86_64
Version: 1.0.0
Check: dependencies in R code
Result: NOTE
Namespaces in Imports field not imported from:
‘Rcpp’ ‘mockery’
All declared Imports should be used.
Flavors: r-devel-linux-x86_64-fedora-clang, r-devel-linux-x86_64-fedora-gcc, r-release-macos-arm64, r-release-macos-x86_64, r-oldrel-macos-arm64, r-oldrel-macos-x86_64