CRAN Package Check Results for Package gkmSVM

Last updated on 2021-10-27 00:51:05 CEST.

Flavor Version Tinstall Tcheck Ttotal Status Flags
r-devel-linux-x86_64-debian-clang 0.81.0 52.32 44.67 96.99 OK
r-devel-linux-x86_64-debian-gcc 0.81.0 38.63 35.72 74.35 OK
r-devel-linux-x86_64-fedora-clang 0.81.0 174.25 OK
r-devel-linux-x86_64-fedora-gcc 0.81.0 127.40 OK
r-devel-windows-x86_64 0.81.0 80.00 58.00 138.00 OK
r-devel-windows-x86_64-gcc10-UCRT 0.81.0 OK
r-patched-linux-x86_64 0.81.0 46.39 43.61 90.00 OK
r-patched-solaris-x86 0.81.0 141.80 OK
r-release-linux-x86_64 0.81.0 46.39 42.92 89.31 OK
r-release-macos-arm64 0.81.0 NOTE
r-release-macos-x86_64 0.81.0 NOTE
r-release-windows-ix86+x86_64 0.81.0 111.00 89.00 200.00 OK
r-oldrel-macos-x86_64 0.81.0 NOTE
r-oldrel-windows-ix86+x86_64 0.81.0 153.00 86.00 239.00 OK

Check Details

Version: 0.81.0
Check: package dependencies
Result: NOTE
    Packages suggested but not available for checking:
     'rtracklayer', 'GenomicRanges', 'BSgenome',
     'BSgenome.Hsapiens.UCSC.hg18.masked',
     'BSgenome.Hsapiens.UCSC.hg19.masked'
Flavor: r-release-macos-arm64

Version: 0.81.0
Check: package dependencies
Result: NOTE
    Packages suggested but not available for checking:
     'BSgenome.Hsapiens.UCSC.hg18.masked',
     'BSgenome.Hsapiens.UCSC.hg19.masked'
Flavors: r-release-macos-x86_64, r-oldrel-macos-x86_64