Last updated on 2023-10-02 09:04:51 CEST.
Flavor | Version | Tinstall | Tcheck | Ttotal | Status | Flags |
---|---|---|---|---|---|---|
r-devel-linux-x86_64-debian-clang | 1.4.3 | 333.21 | 340.97 | 674.18 | OK | |
r-devel-linux-x86_64-debian-gcc | 1.4.3 | 282.81 | 254.67 | 537.48 | OK | |
r-devel-linux-x86_64-fedora-clang | 1.4.3 | 771.85 | NOTE | |||
r-devel-linux-x86_64-fedora-gcc | 1.4.3 | 994.85 | OK | |||
r-devel-windows-x86_64 | 1.4.3 | 243.00 | 318.00 | 561.00 | NOTE | |
r-patched-linux-x86_64 | 1.4.3 | 311.34 | 336.11 | 647.45 | OK | |
r-release-linux-x86_64 | 1.4.3 | 279.54 | 335.04 | 614.58 | OK | |
r-release-macos-arm64 | 1.4.3 | 241.00 | NOTE | |||
r-release-macos-x86_64 | 1.4.3 | 596.00 | NOTE | |||
r-release-windows-x86_64 | 1.4.3 | 332.00 | 400.00 | 732.00 | NOTE | |
r-oldrel-macos-arm64 | 1.4.3 | 267.00 | NOTE | |||
r-oldrel-macos-x86_64 | 1.4.3 | 320.00 | NOTE | |||
r-oldrel-windows-x86_64 | 1.4.3 | 323.00 | 366.00 | 689.00 | NOTE |
Version: 1.4.3
Check: installed package size
Result: NOTE
installed size is 8.1Mb
sub-directories of 1Mb or more:
doc 1.4Mb
libs 5.8Mb
Flavors: r-devel-linux-x86_64-fedora-clang, r-devel-windows-x86_64, r-release-macos-arm64, r-release-macos-x86_64, r-release-windows-x86_64, r-oldrel-macos-arm64, r-oldrel-macos-x86_64, r-oldrel-windows-x86_64