Last updated on 2023-03-31 20:50:13 CEST.
Flavor | Version | Tinstall | Tcheck | Ttotal | Status | Flags |
---|---|---|---|---|---|---|
r-devel-linux-x86_64-debian-clang | 1.5.3.0 | 502.45 | 207.81 | 710.26 | OK | |
r-devel-linux-x86_64-debian-gcc | 1.5.3.0 | 451.10 | 174.41 | 625.51 | OK | |
r-devel-linux-x86_64-fedora-clang | 1.5.3.0 | 970.54 | OK | |||
r-devel-linux-x86_64-fedora-gcc | 1.5.3.0 | 1025.74 | OK | |||
r-devel-windows-x86_64 | 1.5.3.0 | 752.00 | 0.00 | 752.00 | OK | |
r-patched-linux-x86_64 | 1.5.3.0 | 472.77 | 217.85 | 690.62 | OK | |
r-release-linux-x86_64 | 1.5.3.0 | 446.17 | 220.58 | 666.75 | OK | |
r-release-macos-arm64 | 1.5.3.0 | 161.00 | NOTE | |||
r-release-macos-x86_64 | 1.5.3.0 | 289.00 | NOTE | |||
r-release-windows-x86_64 | 1.5.3.0 | 397.00 | 262.00 | 659.00 | OK | |
r-oldrel-macos-arm64 | 1.5.3.0 | 188.00 | NOTE | |||
r-oldrel-macos-x86_64 | 1.5.3.0 | 286.00 | NOTE | |||
r-oldrel-windows-ix86+x86_64 | 1.5.3.0 | 1201.00 | 326.00 | 1527.00 | NOTE |
Version: 1.5.3.0
Check: installed package size
Result: NOTE
installed size is 55.2Mb
sub-directories of 1Mb or more:
libs 54.2Mb
Flavors: r-release-macos-arm64, r-release-macos-x86_64, r-oldrel-macos-arm64, r-oldrel-macos-x86_64, r-oldrel-windows-ix86+x86_64