Last updated on 2023-05-28 01:53:58 CEST.
Flavor | Version | Tinstall | Tcheck | Ttotal | Status | Flags |
---|---|---|---|---|---|---|
r-devel-linux-x86_64-debian-clang | 4.1-7 | 154.70 | 290.13 | 444.83 | OK | |
r-devel-linux-x86_64-debian-gcc | 4.1-7 | 117.91 | 224.42 | 342.33 | OK | |
r-devel-linux-x86_64-fedora-clang | 4.1-7 | 550.69 | OK | |||
r-devel-linux-x86_64-fedora-gcc | 4.1-7 | 587.23 | OK | |||
r-devel-windows-x86_64 | 4.1-7 | 93.00 | 392.00 | 485.00 | OK | |
r-patched-linux-x86_64 | 4.1-7 | 124.59 | 286.40 | 410.99 | OK | |
r-release-linux-x86_64 | 4.1-7 | 127.09 | 290.71 | 417.80 | OK | |
r-release-macos-arm64 | 4.1-7 | 168.00 | NOTE | |||
r-release-macos-x86_64 | 4.1-7 | 263.00 | NOTE | |||
r-release-windows-x86_64 | 4.1-7 | 127.00 | 328.00 | 455.00 | OK | |
r-oldrel-macos-arm64 | 4.1-7 | 151.00 | NOTE | |||
r-oldrel-macos-x86_64 | 4.1-7 | 174.00 | NOTE | |||
r-oldrel-windows-x86_64 | 4.1-7 | 119.00 | 308.00 | 427.00 | OK |
Version: 4.1-7
Check: installed package size
Result: NOTE
installed size is 35.6Mb
sub-directories of 1Mb or more:
libs 33.7Mb
Flavors: r-release-macos-arm64, r-release-macos-x86_64, r-oldrel-macos-arm64, r-oldrel-macos-x86_64