CRAN Package Check Results for Package glmx

Last updated on 2023-09-21 16:57:51 CEST.

Flavor Version Tinstall Tcheck Ttotal Status Flags
r-devel-linux-x86_64-debian-clang 0.2-0 4.31 45.36 49.67 OK
r-devel-linux-x86_64-debian-gcc 0.2-0 3.84 34.88 38.72 OK
r-devel-linux-x86_64-fedora-clang 0.2-0 62.95 OK
r-devel-linux-x86_64-fedora-gcc 0.2-0 61.59 OK
r-devel-windows-x86_64 0.2-0 5.00 58.00 63.00 OK
r-patched-linux-x86_64 0.2-0 4.80 42.58 47.38 OK
r-release-linux-x86_64 0.2-0 3.41 42.48 45.89 OK
r-release-macos-arm64 0.2-0 26.00 OK
r-release-macos-x86_64 0.2-0 37.00 NOTE
r-release-windows-x86_64 0.2-0 6.00 61.00 67.00 OK
r-oldrel-macos-arm64 0.2-0 22.00 OK
r-oldrel-macos-x86_64 0.2-0 31.00 OK
r-oldrel-windows-x86_64 0.2-0 6.00 63.00 69.00 OK

Check Details

Version: 0.2-0
Check: package dependencies
Result: NOTE
    Package suggested but not available for checking: ‘AER’
Flavor: r-release-macos-x86_64