CRAN Package Check Results for Package glrt

Last updated on 2018-10-20 20:46:22 CEST.

Flavor Version Tinstall Tcheck Ttotal Status Flags
r-devel-linux-x86_64-debian-clang 2.0 4.74 72.56 77.30 NOTE
r-devel-linux-x86_64-debian-gcc 2.0 5.42 58.24 63.66 NOTE
r-devel-linux-x86_64-fedora-clang 2.0 93.99 NOTE
r-devel-linux-x86_64-fedora-gcc 2.0 92.36 NOTE
r-devel-windows-ix86+x86_64 2.0 13.00 76.00 89.00 NOTE
r-patched-linux-x86_64 2.0 5.09 62.31 67.40 NOTE
r-patched-solaris-x86 2.0 123.80 NOTE
r-release-linux-x86_64 2.0 5.27 62.17 67.44 NOTE
r-release-windows-ix86+x86_64 2.0 11.00 95.00 106.00 NOTE
r-release-osx-x86_64 2.0 NOTE
r-oldrel-windows-ix86+x86_64 2.0 6.00 99.00 105.00 NOTE
r-oldrel-osx-x86_64 2.0 NOTE

Check Details

Version: 2.0
Check: DESCRIPTION meta-information
Result: NOTE
    Malformed Description field: should contain one or more complete sentences.
Flavors: r-devel-linux-x86_64-debian-clang, r-devel-linux-x86_64-debian-gcc, r-devel-linux-x86_64-fedora-clang, r-devel-linux-x86_64-fedora-gcc, r-devel-windows-ix86+x86_64, r-patched-linux-x86_64, r-patched-solaris-x86, r-release-linux-x86_64, r-release-windows-ix86+x86_64, r-release-osx-x86_64, r-oldrel-windows-ix86+x86_64, r-oldrel-osx-x86_64

Version: 2.0
Check: R code for possible problems
Result: NOTE
    ScoreTest: no visible global function definition for ‘pchisq’
    Var1: no visible global function definition for ‘runif’
    gLRT1: no visible global function definition for ‘pchisq’
    gLRT2: no visible global function definition for ‘pchisq’
    gLRT3: no visible global function definition for ‘pchisq’
    gLRT4: no visible global function definition for ‘pf’
    Undefined global functions or variables:
     pchisq pf runif
    Consider adding
     importFrom("stats", "pchisq", "pf", "runif")
    to your NAMESPACE file.
Flavors: r-devel-linux-x86_64-debian-clang, r-devel-linux-x86_64-debian-gcc, r-devel-linux-x86_64-fedora-clang, r-devel-linux-x86_64-fedora-gcc, r-devel-windows-ix86+x86_64, r-patched-linux-x86_64, r-patched-solaris-x86, r-release-linux-x86_64, r-release-windows-ix86+x86_64, r-release-osx-x86_64, r-oldrel-windows-ix86+x86_64, r-oldrel-osx-x86_64