CRAN Package Check Results for Package glrt

Last updated on 2018-07-20 08:48:06 CEST.

Flavor Version Tinstall Tcheck Ttotal Status Flags
r-devel-linux-x86_64-debian-clang 2.0 5.64 64.09 69.73 NOTE
r-devel-linux-x86_64-debian-gcc 2.0 4.97 55.97 60.94 NOTE
r-devel-linux-x86_64-fedora-clang 2.0 90.77 NOTE
r-devel-linux-x86_64-fedora-gcc 2.0 87.03 NOTE
r-devel-windows-ix86+x86_64 2.0 9.00 75.00 84.00 NOTE
r-patched-linux-x86_64 2.0 5.48 62.91 68.39 NOTE
r-patched-solaris-x86 2.0 123.80 NOTE
r-release-linux-x86_64 2.0 4.23 62.76 66.99 NOTE
r-release-windows-ix86+x86_64 2.0 13.00 68.00 81.00 NOTE
r-release-osx-x86_64 2.0 NOTE
r-oldrel-windows-ix86+x86_64 2.0 10.00 74.00 84.00 NOTE
r-oldrel-osx-x86_64 2.0 NOTE

Check Details

Version: 2.0
Check: DESCRIPTION meta-information
Result: NOTE
    Malformed Description field: should contain one or more complete sentences.
Flavors: r-devel-linux-x86_64-debian-clang, r-devel-linux-x86_64-debian-gcc, r-devel-linux-x86_64-fedora-clang, r-devel-linux-x86_64-fedora-gcc, r-devel-windows-ix86+x86_64, r-patched-linux-x86_64, r-patched-solaris-x86, r-release-linux-x86_64, r-release-windows-ix86+x86_64, r-release-osx-x86_64, r-oldrel-windows-ix86+x86_64, r-oldrel-osx-x86_64

Version: 2.0
Check: R code for possible problems
Result: NOTE
    ScoreTest: no visible global function definition for ‘pchisq’
    Var1: no visible global function definition for ‘runif’
    gLRT1: no visible global function definition for ‘pchisq’
    gLRT2: no visible global function definition for ‘pchisq’
    gLRT3: no visible global function definition for ‘pchisq’
    gLRT4: no visible global function definition for ‘pf’
    Undefined global functions or variables:
     pchisq pf runif
    Consider adding
     importFrom("stats", "pchisq", "pf", "runif")
    to your NAMESPACE file.
Flavors: r-devel-linux-x86_64-debian-clang, r-devel-linux-x86_64-debian-gcc, r-devel-linux-x86_64-fedora-clang, r-devel-linux-x86_64-fedora-gcc, r-devel-windows-ix86+x86_64, r-patched-linux-x86_64, r-patched-solaris-x86, r-release-linux-x86_64, r-release-windows-ix86+x86_64, r-release-osx-x86_64, r-oldrel-windows-ix86+x86_64, r-oldrel-osx-x86_64