Last updated on 2023-12-01 15:53:36 CET.
Flavor | Version | Tinstall | Tcheck | Ttotal | Status | Flags |
---|---|---|---|---|---|---|
r-devel-linux-x86_64-debian-clang | 1.8 | 10.87 | 108.02 | 118.89 | NOTE | |
r-devel-linux-x86_64-debian-gcc | 1.8 | 9.66 | 80.50 | 90.16 | NOTE | |
r-devel-linux-x86_64-fedora-clang | 1.8 | 146.25 | OK | |||
r-devel-linux-x86_64-fedora-gcc | 1.8 | 154.46 | OK | |||
r-devel-windows-x86_64 | 1.8 | 13.00 | 135.00 | 148.00 | OK | |
r-patched-linux-x86_64 | 1.8 | 12.42 | 104.15 | 116.57 | OK | |
r-release-linux-x86_64 | 1.8 | 12.14 | 102.78 | 114.92 | OK | |
r-release-macos-arm64 | 1.8 | 72.00 | OK | |||
r-release-macos-x86_64 | 1.8 | 158.00 | OK | |||
r-release-windows-x86_64 | 1.8 | 16.00 | 145.00 | 161.00 | OK | |
r-oldrel-macos-arm64 | 1.8 | 58.00 | OK | |||
r-oldrel-macos-x86_64 | 1.8 | 88.00 | OK | |||
r-oldrel-windows-x86_64 | 1.8 | 16.00 | 139.00 | 155.00 | OK |
Version: 1.8
Check: Rd files
Result: NOTE
checkRd: (-1) ATEgel.Rd:24: Lost braces
24 | \item{g}{A formula as \code{y~z}, where code{y} is the response and
| ^
Flavors: r-devel-linux-x86_64-debian-clang, r-devel-linux-x86_64-debian-gcc